{"id":98,"date":"2018-03-16T10:44:59","date_gmt":"2018-03-16T09:44:59","guid":{"rendered":"https:\/\/dfgs-freiburg.de\/?page_id=98"},"modified":"2019-09-27T10:01:46","modified_gmt":"2019-09-27T08:01:46","slug":"foerderverein","status":"publish","type":"page","link":"https:\/\/dfgs-freiburg.de\/?page_id=98","title":{"rendered":"F\u00f6rderverein"},"content":{"rendered":"<p>Der F\u00f6rderverein der Grundschule besteht aus Vorstandsmitgliedern des Vereins <a href=\"https:\/\/ecole92.net\/?page_id=1273\">\u00e9cole 92 e.V.<\/a> Der Verein unterst\u00fctzt die kulturellen Aktivit\u00e4ten an der Grundschule seit seiner Gr\u00fcndung im Jahr 1992. Details zur Geschichte des Vereins finden Sie <a href=\"https:\/\/ecole92.net\/?page_id=163\">hier<\/a>. Der Verein ist insbesondere auch der Tr\u00e4ger der deutsch-franz\u00f6sischen Kita, die sich ganz in der N\u00e4he der Grundschule befindet.<\/p>\n<p>An der Grundschule wirkt der F\u00f6rderverein bei vielen Aktivit\u00e4ten mit, die das Zusammenleben als bikulturelle Gemeinschaft sch\u00f6ner gestalten. Die drei gro\u00dfen Ereignisse des Schuljahres, zu deren Gelingen der F\u00f6rderverein ma\u00dfgeblich beitr\u00e4gt, sind der au\u00dferschulische Ausflug f\u00fcr alle Klassen, der meist im Fr\u00fchling stattfindet, sowie die beiden gro\u00dfen Feste &#8211; das B\u00fccherfest und das Sommerfest. Letzteres wird alle zwei Jahre gemeinsam mit der Kita gefeiert, die anderen Jahre veranstaltet jede der beiden eigenen Einrichtungen ihr eigenes Fest.<\/p>\n<p>Ansonsten unterst\u00fctzt der F\u00f6rderverein, wo er kann, nicht immer sind alle Aktivit\u00e4ten sichtbar. Mal sind es finanzielle Zusch\u00fcsse zu Klassenfahrten, helfende H\u00e4nde beim Aufbau von Events, oder auch die Einrichtung und Pflege dieser Webseite.<\/p>\n<h4>Mitglied werden<\/h4>\n<p>Sie m\u00f6chten die T\u00e4tigkeiten des F\u00f6rdervereins gerne unterst\u00fctzen? <a href=\"https:\/\/ecole92.net\/wp-content\/uploads\/2018\/02\/Mitgliedsantrag_de.pdf\">Dann werden Sie Mitglied<\/a> &#8211; schon mit dem Mindestbeitrag von 25\u20ac\/Jahr helfen Sie uns. Jeder Euro davon wird den Kindern zu Gute kommen!<\/p>\n","protected":false},"excerpt":{"rendered":"<p>Der F\u00f6rderverein der Grundschule besteht aus Vorstandsmitgliedern des Vereins \u00e9cole 92 e.V. Der Verein unterst\u00fctzt die kulturellen Aktivit\u00e4ten an der Grundschule seit seiner Gr\u00fcndung im Jahr 1992. Details zur Geschichte des Vereins finden Sie hier. Der Verein ist insbesondere auch &hellip; <\/p>\n","protected":false},"author":1,"featured_media":0,"parent":91,"menu_order":0,"comment_status":"closed","ping_status":"closed","template":"","meta":{"jetpack_post_was_ever_published":false,"footnotes":""},"class_list":["post-98","page","type-page","status-publish","hentry"],"jetpack-related-posts":[{"id":102,"url":"https:\/\/dfgs-freiburg.de\/?page_id=102","url_meta":{"origin":98,"position":0},"title":"Schulkindbetreuung","author":"Daniel Le Bras-Lerouge","date":"16. mars 2018","format":false,"excerpt":"Schulkindbetreuung an der Deutsch-Franz\u00f6sischen Grundschule Seit dem Schuljahr 2020\/21 wird die Nachmittagsbetreuung an der Deutsch-Franz\u00f6sischen Grundschule nach dem Konzept der Schulkindbetreuung der Stadt Freiburg durchgef\u00fchrt. Die Schulkindbetreuung hat die Stadt Freiburg als freiwillige Aufgabe gem\u00e4\u00df \u00a72 der Gemeindeordnung eingerichtet. Tr\u00e4ger der Schulkindbetreuung an der Deutsch-Franz\u00f6sischen Grundschule ist die Evangelische Jugendhilfe\u2026","rel":"","context":"Article similaire","block_context":{"text":"Article similaire","link":""},"img":{"alt_text":"","src":"","width":0,"height":0},"classes":[]},{"id":128,"url":"https:\/\/dfgs-freiburg.de\/?page_id=128","url_meta":{"origin":98,"position":1},"title":"Kantine","author":"Daniel Le Bras-Lerouge","date":"18. avril 2018","format":false,"excerpt":"Kinder, die in der Schulkindbetreuung angemeldet sind, haben die M\u00f6glichkeit warmes Mittagessen zu bestellen. Die Bestellung und Abrechnung des warmen Mittagessens wird \u00fcber den Fachservice Schulverpflegung vom Amt f\u00fcr Schule und Bildung abgewickelt. Eltern \u00fcberweisen Essensgeld auf das Guthabenkonto ihres Kindes. Im Rahmen des verf\u00fcgbaren Guthabens kann dann das Essen\u2026","rel":"","context":"Article similaire","block_context":{"text":"Article similaire","link":""},"img":{"alt_text":"","src":"","width":0,"height":0},"classes":[]},{"id":612,"url":"https:\/\/dfgs-freiburg.de\/?page_id=612","url_meta":{"origin":98,"position":2},"title":"Impressum","author":"Daniel Le Bras-Lerouge","date":"15. octobre 2018","format":false,"excerpt":"Deutsch-franz\u00f6sische Grundschule Freiburg Belchenstra\u00dfe 2 D - 79115 Freiburg Telefon: +49 761 4762243 E-Mail: sekretariat.dfgsvn@freiburger-schulen.bwl.de Internet: www.dfgs-freiburg.de Leitung \/ Direction: Karolin Burghardt (d) Catherine Bras-Henkes (f) Die Website wurde gestaltet von Johannes Charra. Die Texte werden von der Schulleitung und dem p\u00e4dagogischen Team erstellt und gepflegt. Das Layout basiert auf\u2026","rel":"","context":"Article similaire","block_context":{"text":"Article similaire","link":""},"img":{"alt_text":"","src":"","width":0,"height":0},"classes":[]},{"id":93,"url":"https:\/\/dfgs-freiburg.de\/?page_id=93","url_meta":{"origin":98,"position":3},"title":"Elternbeirat","author":"Daniel Le Bras-Lerouge","date":"16. mars 2018","format":false,"excerpt":"Vorsitzender: Fabien Coydon Stellvertretende Vorsitzende: Annabelle von Kalckreuth Der Elternbeirat setzt sich aus allen gew\u00e4hlten Elternvertretern zusammen (2 pro Klasse, d.h. insgesamt 10). Die Elternvertreter verstehen sich als Bindeglied zwischen den Sch\u00fclereltern und den Rektorinnen und dem Lehrerkollegium um bei den Elternbeiratssitzungen (2\/Jahr) alle p\u00e4dagogischen und den Schulalltag betreffende Fragen\u2026","rel":"","context":"Article similaire","block_context":{"text":"Article similaire","link":""},"img":{"alt_text":"","src":"","width":0,"height":0},"classes":[]},{"id":73,"url":"https:\/\/dfgs-freiburg.de\/?page_id=73","url_meta":{"origin":98,"position":4},"title":"Gestaltung","author":"Daniel Le Bras-Lerouge","date":"2. f\u00e9vrier 2018","format":false,"excerpt":"Unterricht Im Unterricht werden die ca. 120 Sch\u00fcler\/innen sowohl im Rahmen des franz\u00f6sischen, als auch des deutschen Bildungsplanes auf die Ziele der jeweiligen Klassenstufe hingef\u00fchrt. Jede Klasse wird von einem deutsch-franz\u00f6sischen Lehrertandem unterrichtet. Unter den Lehrkr\u00e4ften findet eine w\u00f6chentliche Besprechung statt zur genauen Koordination des Unterrichts und zur Vorbereitung zweisprachiger\u2026","rel":"","context":"Article similaire","block_context":{"text":"Article similaire","link":""},"img":{"alt_text":"","src":"https:\/\/i0.wp.com\/dfgs-freiburg.de\/wp-content\/uploads\/2018\/09\/frankreich.png?resize=350%2C200&ssl=1","width":350,"height":200},"classes":[]},{"id":2,"url":"https:\/\/dfgs-freiburg.de\/?page_id=2","url_meta":{"origin":98,"position":5},"title":"Unsere Schule","author":"Daniel Le Bras-Lerouge","date":"28. octobre 2017","format":false,"excerpt":"\u00a0 Die Deutsch-Franz\u00f6sische Grundschule ist Teil der deutsch-franz\u00f6sischen Schulstruktur, die in Freiburg von der \u00c9cole Maternelle bis zum Frankreich-Zentrum der Universit\u00e4t reicht. Sie wurde im September 1992 gegr\u00fcndet. Etwa 125 Kinder gehen hier zur Schule, sie kommen aus deutschen, franz\u00f6sischen, deutsch-franz\u00f6sischen oder frankophonen Familien. Die Schule ist binational: Tr\u00e4ger ist\u2026","rel":"","context":"Article similaire","block_context":{"text":"Article similaire","link":""},"img":{"alt_text":"","src":"https:\/\/i0.wp.com\/dfgs-freiburg.de\/wp-content\/uploads\/2018\/08\/sommerfest2017.jpg?fit=1200%2C675&ssl=1&resize=350%2C200","width":350,"height":200,"srcset":"https:\/\/i0.wp.com\/dfgs-freiburg.de\/wp-content\/uploads\/2018\/08\/sommerfest2017.jpg?fit=1200%2C675&ssl=1&resize=350%2C200 1x, https:\/\/i0.wp.com\/dfgs-freiburg.de\/wp-content\/uploads\/2018\/08\/sommerfest2017.jpg?fit=1200%2C675&ssl=1&resize=525%2C300 1.5x, https:\/\/i0.wp.com\/dfgs-freiburg.de\/wp-content\/uploads\/2018\/08\/sommerfest2017.jpg?fit=1200%2C675&ssl=1&resize=700%2C400 2x, https:\/\/i0.wp.com\/dfgs-freiburg.de\/wp-content\/uploads\/2018\/08\/sommerfest2017.jpg?fit=1200%2C675&ssl=1&resize=1050%2C600 3x"},"classes":[]}],"jetpack_shortlink":"https:\/\/wp.me\/P9kppB-1A","jetpack_sharing_enabled":true,"_links":{"self":[{"href":"https:\/\/dfgs-freiburg.de\/index.php?rest_route=\/wp\/v2\/pages\/98","targetHints":{"allow":["GET"]}}],"collection":[{"href":"https:\/\/dfgs-freiburg.de\/index.php?rest_route=\/wp\/v2\/pages"}],"about":[{"href":"https:\/\/dfgs-freiburg.de\/index.php?rest_route=\/wp\/v2\/types\/page"}],"author":[{"embeddable":true,"href":"https:\/\/dfgs-freiburg.de\/index.php?rest_route=\/wp\/v2\/users\/1"}],"replies":[{"embeddable":true,"href":"https:\/\/dfgs-freiburg.de\/index.php?rest_route=%2Fwp%2Fv2%2Fcomments&post=98"}],"version-history":[{"count":8,"href":"https:\/\/dfgs-freiburg.de\/index.php?rest_route=\/wp\/v2\/pages\/98\/revisions"}],"predecessor-version":[{"id":1144,"href":"https:\/\/dfgs-freiburg.de\/index.php?rest_route=\/wp\/v2\/pages\/98\/revisions\/1144"}],"up":[{"embeddable":true,"href":"https:\/\/dfgs-freiburg.de\/index.php?rest_route=\/wp\/v2\/pages\/91"}],"wp:attachment":[{"href":"https:\/\/dfgs-freiburg.de\/index.php?rest_route=%2Fwp%2Fv2%2Fmedia&parent=98"}],"curies":[{"name":"wp","href":"https:\/\/api.w.org\/{rel}","templated":true}]}}

Förderverein

<p>Der Förderverein der Grundschule besteht aus Vorstandsmitgliedern des Vereins <a href="https://ecole92.net/?page_id=1273">école 92 e.V.</a> Der Verein unterstützt die kulturellen Aktivitäten an der Grundschule seit seiner Gründung im Jahr 1992. Details zur Geschichte des Vereins finden Sie <a href="https://ecole92.net/?page_id=163">hier</a>. Der Verein ist insbesondere auch der Träger der deutsch-französischen Kita, die sich ganz in der Nähe der Grundschule befindet.</p>
<p>An der Grundschule wirkt der Förderverein bei vielen Aktivitäten mit, die das Zusammenleben als bikulturelle Gemeinschaft schöner gestalten. Die drei großen Ereignisse des Schuljahres, zu deren Gelingen der Förderverein maßgeblich beiträgt, sind der außerschulische Ausflug für alle Klassen, der meist im Frühling stattfindet, sowie die beiden großen Feste &#8211; das Bücherfest und das Sommerfest. Letzteres wird alle zwei Jahre gemeinsam mit der Kita gefeiert, die anderen Jahre veranstaltet jede der beiden eigenen Einrichtungen ihr eigenes Fest.</p>
<p>Ansonsten unterstützt der Förderverein, wo er kann, nicht immer sind alle Aktivitäten sichtbar. Mal sind es finanzielle Zuschüsse zu Klassenfahrten, helfende Hände beim Aufbau von Events, oder auch die Einrichtung und Pflege dieser Webseite.</p>
<h4>Mitglied werden</h4>
<p>Sie möchten die Tätigkeiten des Fördervereins gerne unterstützen? <a href="https://ecole92.net/wp-content/uploads/2018/02/Mitgliedsantrag_de.pdf">Dann werden Sie Mitglied</a> &#8211; schon mit dem Mindestbeitrag von 25€/Jahr helfen Sie uns. Jeder Euro davon wird den Kindern zu Gute kommen!</p>

<p>Der Förderverein der Grundschule besteht aus Vorstandsmitgliedern des Vereins école 92 e.V. Der Verein unterstützt die kulturellen Aktivitäten an der Grundschule seit seiner Gründung im Jahr 1992. Details zur Geschichte des Vereins finden Sie hier. Der Verein ist insbesondere auch &hellip; </p>

Schulkindbetreuung an der Deutsch-Französischen Grundschule Seit dem Schuljahr 2020/21 wird die Nachmittagsbetreuung an der Deutsch-Französischen Grundschule nach dem Konzept der Schulkindbetreuung der Stadt Freiburg durchgeführt. Die Schulkindbetreuung hat die Stadt Freiburg als freiwillige Aufgabe gemäß §2 der Gemeindeordnung eingerichtet. Träger der Schulkindbetreuung an der Deutsch-Französischen Grundschule ist die Evangelische Jugendhilfe…

Kinder, die in der Schulkindbetreuung angemeldet sind, haben die Möglichkeit warmes Mittagessen zu bestellen. Die Bestellung und Abrechnung des warmen Mittagessens wird über den Fachservice Schulverpflegung vom Amt für Schule und Bildung abgewickelt. Eltern überweisen Essensgeld auf das Guthabenkonto ihres Kindes. Im Rahmen des verfügbaren Guthabens kann dann das Essen…

Deutsch-französische Grundschule Freiburg Belchenstraße 2 D - 79115 Freiburg Telefon: +49 761 4762243 E-Mail: sekretariat.dfgsvn@freiburger-schulen.bwl.de Internet: www.dfgs-freiburg.de Leitung / Direction: Karolin Burghardt (d) Catherine Bras-Henkes (f) Die Website wurde gestaltet von Johannes Charra. Die Texte werden von der Schulleitung und dem pädagogischen Team erstellt und gepflegt. Das Layout basiert auf…

Vorsitzender: Fabien Coydon Stellvertretende Vorsitzende: Annabelle von Kalckreuth Der Elternbeirat setzt sich aus allen gewählten Elternvertretern zusammen (2 pro Klasse, d.h. insgesamt 10). Die Elternvertreter verstehen sich als Bindeglied zwischen den Schülereltern und den Rektorinnen und dem Lehrerkollegium um bei den Elternbeiratssitzungen (2/Jahr) alle pädagogischen und den Schulalltag betreffende Fragen…

2. février 2018

Unterricht Im Unterricht werden die ca. 120 Schüler/innen sowohl im Rahmen des französischen, als auch des deutschen Bildungsplanes auf die Ziele der jeweiligen Klassenstufe hingeführt. Jede Klasse wird von einem deutsch-französischen Lehrertandem unterrichtet. Unter den Lehrkräften findet eine wöchentliche Besprechung statt zur genauen Koordination des Unterrichts und zur Vorbereitung zweisprachiger…

Die Deutsch-Französische Grundschule ist Teil der deutsch-französischen Schulstruktur, die in Freiburg von der École Maternelle bis zum Frankreich-Zentrum der Universität reicht. Sie wurde im September 1992 gegründet. Etwa 125 Kinder gehen hier zur Schule, sie kommen aus deutschen, französischen, deutsch-französischen oder frankophonen Familien. Die Schule ist binational: Träger ist…
