{"id":91,"date":"2018-03-16T10:40:58","date_gmt":"2018-03-16T09:40:58","guid":{"rendered":"https:\/\/dfgs-freiburg.de\/?page_id=91"},"modified":"2018-03-16T10:40:58","modified_gmt":"2018-03-16T09:40:58","slug":"eltern","status":"publish","type":"page","link":"https:\/\/dfgs-freiburg.de\/?page_id=91","title":{"rendered":"Eltern"},"content":{"rendered":"","protected":false},"excerpt":{"rendered":"","protected":false},"author":1,"featured_media":0,"parent":0,"menu_order":0,"comment_status":"closed","ping_status":"closed","template":"","meta":{"jetpack_post_was_ever_published":false,"footnotes":""},"class_list":["post-91","page","type-page","status-publish","hentry"],"jetpack-related-posts":[{"id":93,"url":"https:\/\/dfgs-freiburg.de\/?page_id=93","url_meta":{"origin":91,"position":0},"title":"Elternbeirat","author":"Daniel Le Bras-Lerouge","date":"16. mars 2018","format":false,"excerpt":"Vorsitzender: Fabien Coydon Stellvertretende Vorsitzende: Annabelle von Kalckreuth Der Elternbeirat setzt sich aus allen gew\u00e4hlten Elternvertretern zusammen (2 pro Klasse, d.h. insgesamt 10). Die Elternvertreter verstehen sich als Bindeglied zwischen den Sch\u00fclereltern und den Rektorinnen und dem Lehrerkollegium um bei den Elternbeiratssitzungen (2\/Jahr) alle p\u00e4dagogischen und den Schulalltag betreffende Fragen\u2026","rel":"","context":"Article similaire","block_context":{"text":"Article similaire","link":""},"img":{"alt_text":"","src":"","width":0,"height":0},"classes":[]},{"id":98,"url":"https:\/\/dfgs-freiburg.de\/?page_id=98","url_meta":{"origin":91,"position":1},"title":"F\u00f6rderverein","author":"Daniel Le Bras-Lerouge","date":"16. mars 2018","format":false,"excerpt":"Der F\u00f6rderverein der Grundschule besteht aus Vorstandsmitgliedern des Vereins \u00e9cole 92 e.V. Der Verein unterst\u00fctzt die kulturellen Aktivit\u00e4ten an der Grundschule seit seiner Gr\u00fcndung im Jahr 1992. Details zur Geschichte des Vereins finden Sie hier. Der Verein ist insbesondere auch der Tr\u00e4ger der deutsch-franz\u00f6sischen Kita, die sich ganz in der\u2026","rel":"","context":"Article similaire","block_context":{"text":"Article similaire","link":""},"img":{"alt_text":"","src":"","width":0,"height":0},"classes":[]},{"id":128,"url":"https:\/\/dfgs-freiburg.de\/?page_id=128","url_meta":{"origin":91,"position":2},"title":"Kantine","author":"Daniel Le Bras-Lerouge","date":"18. avril 2018","format":false,"excerpt":"Kinder, die in der Schulkindbetreuung angemeldet sind, haben die M\u00f6glichkeit warmes Mittagessen zu bestellen. Die Bestellung und Abrechnung des warmen Mittagessens wird \u00fcber den Fachservice Schulverpflegung vom Amt f\u00fcr Schule und Bildung abgewickelt. Eltern \u00fcberweisen Essensgeld auf das Guthabenkonto ihres Kindes. Im Rahmen des verf\u00fcgbaren Guthabens kann dann das Essen\u2026","rel":"","context":"Article similaire","block_context":{"text":"Article similaire","link":""},"img":{"alt_text":"","src":"","width":0,"height":0},"classes":[]},{"id":102,"url":"https:\/\/dfgs-freiburg.de\/?page_id=102","url_meta":{"origin":91,"position":3},"title":"Schulkindbetreuung","author":"Daniel Le Bras-Lerouge","date":"16. mars 2018","format":false,"excerpt":"Schulkindbetreuung an der Deutsch-Franz\u00f6sischen Grundschule Seit dem Schuljahr 2020\/21 wird die Nachmittagsbetreuung an der Deutsch-Franz\u00f6sischen Grundschule nach dem Konzept der Schulkindbetreuung der Stadt Freiburg durchgef\u00fchrt. Die Schulkindbetreuung hat die Stadt Freiburg als freiwillige Aufgabe gem\u00e4\u00df \u00a72 der Gemeindeordnung eingerichtet. Tr\u00e4ger der Schulkindbetreuung an der Deutsch-Franz\u00f6sischen Grundschule ist die Evangelische Jugendhilfe\u2026","rel":"","context":"Article similaire","block_context":{"text":"Article similaire","link":""},"img":{"alt_text":"","src":"","width":0,"height":0},"classes":[]}],"jetpack_shortlink":"https:\/\/wp.me\/P9kppB-1t","jetpack_sharing_enabled":true,"_links":{"self":[{"href":"https:\/\/dfgs-freiburg.de\/index.php?rest_route=\/wp\/v2\/pages\/91","targetHints":{"allow":["GET"]}}],"collection":[{"href":"https:\/\/dfgs-freiburg.de\/index.php?rest_route=\/wp\/v2\/pages"}],"about":[{"href":"https:\/\/dfgs-freiburg.de\/index.php?rest_route=\/wp\/v2\/types\/page"}],"author":[{"embeddable":true,"href":"https:\/\/dfgs-freiburg.de\/index.php?rest_route=\/wp\/v2\/users\/1"}],"replies":[{"embeddable":true,"href":"https:\/\/dfgs-freiburg.de\/index.php?rest_route=%2Fwp%2Fv2%2Fcomments&post=91"}],"version-history":[{"count":1,"href":"https:\/\/dfgs-freiburg.de\/index.php?rest_route=\/wp\/v2\/pages\/91\/revisions"}],"predecessor-version":[{"id":92,"href":"https:\/\/dfgs-freiburg.de\/index.php?rest_route=\/wp\/v2\/pages\/91\/revisions\/92"}],"wp:attachment":[{"href":"https:\/\/dfgs-freiburg.de\/index.php?rest_route=%2Fwp%2Fv2%2Fmedia&parent=91"}],"curies":[{"name":"wp","href":"https:\/\/api.w.org\/{rel}","templated":true}]}}

Vorsitzender: Fabien Coydon Stellvertretende Vorsitzende: Annabelle von Kalckreuth Der Elternbeirat setzt sich aus allen gewählten Elternvertretern zusammen (2 pro Klasse, d.h. insgesamt 10). Die Elternvertreter verstehen sich als Bindeglied zwischen den Schülereltern und den Rektorinnen und dem Lehrerkollegium um bei den Elternbeiratssitzungen (2/Jahr) alle pädagogischen und den Schulalltag betreffende Fragen…

Förderverein

Der Förderverein der Grundschule besteht aus Vorstandsmitgliedern des Vereins école 92 e.V. Der Verein unterstützt die kulturellen Aktivitäten an der Grundschule seit seiner Gründung im Jahr 1992. Details zur Geschichte des Vereins finden Sie hier. Der Verein ist insbesondere auch der Träger der deutsch-französischen Kita, die sich ganz in der…

Kinder, die in der Schulkindbetreuung angemeldet sind, haben die Möglichkeit warmes Mittagessen zu bestellen. Die Bestellung und Abrechnung des warmen Mittagessens wird über den Fachservice Schulverpflegung vom Amt für Schule und Bildung abgewickelt. Eltern überweisen Essensgeld auf das Guthabenkonto ihres Kindes. Im Rahmen des verfügbaren Guthabens kann dann das Essen…

Schulkindbetreuung an der Deutsch-Französischen Grundschule Seit dem Schuljahr 2020/21 wird die Nachmittagsbetreuung an der Deutsch-Französischen Grundschule nach dem Konzept der Schulkindbetreuung der Stadt Freiburg durchgeführt. Die Schulkindbetreuung hat die Stadt Freiburg als freiwillige Aufgabe gemäß §2 der Gemeindeordnung eingerichtet. Träger der Schulkindbetreuung an der Deutsch-Französischen Grundschule ist die Evangelische Jugendhilfe…
