{"id":299,"date":"2018-08-16T12:12:13","date_gmt":"2018-08-16T10:12:13","guid":{"rendered":"https:\/\/dfgs-freiburg.de\/?page_id=299"},"modified":"2023-05-03T14:38:10","modified_gmt":"2023-05-03T12:38:10","slug":"organisation","status":"publish","type":"page","link":"https:\/\/dfgs-freiburg.de\/?page_id=299&lang=fr","title":{"rendered":"Organisation"},"content":{"rendered":"<h4>La journ\u00e9e de votre enfant<\/h4>\n<table style=\"height: 690px;\" width=\"755\">\n<tbody>\n<tr>\n<td colspan=\"2\" width=\"403\"><strong>Que fait mon enfant ?<\/strong><\/td>\n<td width=\"201\"><strong>Avec qui ?<\/strong><\/td>\n<\/tr>\n<tr>\n<td colspan=\"2\" width=\"403\">8h00-8h10 Accueil dans la cour<\/td>\n<td width=\"201\">Enseignants<\/td>\n<\/tr>\n<tr>\n<td rowspan=\"6\" width=\"201\"><strong>CP<\/strong><\/p>\n<p><strong>CE1<\/strong><\/p>\n<p><strong>CE2<\/strong><\/p>\n<p><strong>CM1<\/strong><\/p>\n<p><strong>CM2<\/strong><\/td>\n<td width=\"201\">8h10-9h40 Enseignements<\/td>\n<td rowspan=\"5\" width=\"201\">Enseignants<\/td>\n<\/tr>\n<tr>\n<td width=\"201\">9h40-10h R\u00e9cr\u00e9ation<\/td>\n<\/tr>\n<tr>\n<td width=\"201\">10h-11h30 Enseignements<\/td>\n<\/tr>\n<tr>\n<td width=\"201\">11h30-11h50 R\u00e9cr\u00e9ation<\/td>\n<\/tr>\n<tr>\n<td width=\"201\">11h50-13h20 Enseignements<\/td>\n<\/tr>\n<tr>\n<td width=\"201\">13h20- Sortie<\/td>\n<td width=\"201\">Enseignants<\/td>\n<\/tr>\n<tr>\n<td rowspan=\"4\" width=\"201\"><strong>Periscolaire<\/strong><\/p>\n<p><strong>\u00a0<\/strong><\/td>\n<td width=\"201\">13h30-14h30 Cantine et r\u00e9cr\u00e9ation<\/td>\n<td width=\"201\">Educateurs SKB<\/td>\n<\/tr>\n<tr>\n<td width=\"201\">14h30-15h30 Aide aux devoirs<\/td>\n<td width=\"201\">Educateurs FNB<\/td>\n<\/tr>\n<tr>\n<td width=\"201\">14h30-15h15 ou 16h00 Ateliers<\/td>\n<td width=\"201\">Responsables des ateliers<\/td>\n<\/tr>\n<tr>\n<td width=\"201\">15h30-17h30 (max) Activit\u00e9s diverses<\/td>\n<td width=\"201\">Educateurs FNB<\/td>\n<\/tr>\n<\/tbody>\n<\/table>\n<h4>Sport<\/h4>\n<p>Les cours de sport ont lieu une fois par semaine dans le gymnase d&rsquo;une \u00e9cole voisine.<\/p>\n<p>Les enfants vont \u00e0 la piscine municipale de Haslach du CP au CM2.<\/p>\n<h4>Biblioth\u00e8que<\/h4>\n<p>L&rsquo;\u00e9cole poss\u00e8de une biblioth\u00e8que en coop\u00e9ration avec la biblioth\u00e8que municipale de la ville de Fribourg avec de nombreux ouvrages dans les deux langues. Des enseignants en sont responsables sur une partie de leur service et chaque classe y va au moins une fois par semaine.<\/p>\n<p>Tous les troisi\u00e8mes vendredis du mois, le bibliobus de la ville de Mulhouse stationne dans la cour de l&rsquo;\u00e9cole. Petits et grands peuvent emprunter des livres en fran\u00e7ais.<\/p>\n","protected":false},"excerpt":{"rendered":"<p>La journ\u00e9e de votre enfant Que fait mon enfant ? Avec qui ? 8h00-8h10 Accueil dans la cour Enseignants CP CE1 CE2 CM1 CM2 8h10-9h40 Enseignements Enseignants 9h40-10h R\u00e9cr\u00e9ation 10h-11h30 Enseignements 11h30-11h50 R\u00e9cr\u00e9ation 11h50-13h20 Enseignements 13h20- Sortie Enseignants Periscolaire \u00a0 &hellip; <\/p>\n","protected":false},"author":1,"featured_media":0,"parent":20,"menu_order":0,"comment_status":"closed","ping_status":"closed","template":"","meta":{"jetpack_post_was_ever_published":false,"footnotes":""},"class_list":["post-299","page","type-page","status-publish","hentry"],"jetpack-related-posts":[{"id":20,"url":"https:\/\/dfgs-freiburg.de\/?page_id=20&lang=fr","url_meta":{"origin":299,"position":0},"title":"Notre \u00e9cole","author":"Daniel Le Bras-Lerouge","date":"29. octobre 2017","format":false,"excerpt":"L'\u00c9cole El\u00e9mentaire Franco-Allemande de Fribourg est un \u00e9tablissement primaire binational unique. Elle a \u00e9t\u00e9 fond\u00e9e en septembre 1992 par la signature d'une d\u00e9claration commune entre le ministre de l'\u00e9ducation du Land du Bade-Wurtemberg et l'Agence pour l'Enseignement Fran\u00e7ais \u00e0 l'Etranger (AEFE). Depuis, notre \u00e9cole accueille chaque ann\u00e9e environ 125 \u00e9l\u00e8ves\u2026","rel":"","context":"Article similaire","block_context":{"text":"Article similaire","link":""},"img":{"alt_text":"","src":"https:\/\/i0.wp.com\/dfgs-freiburg.de\/wp-content\/uploads\/2018\/08\/sommerfest2017.jpg?fit=1200%2C675&ssl=1&resize=350%2C200","width":350,"height":200,"srcset":"https:\/\/i0.wp.com\/dfgs-freiburg.de\/wp-content\/uploads\/2018\/08\/sommerfest2017.jpg?fit=1200%2C675&ssl=1&resize=350%2C200 1x, https:\/\/i0.wp.com\/dfgs-freiburg.de\/wp-content\/uploads\/2018\/08\/sommerfest2017.jpg?fit=1200%2C675&ssl=1&resize=525%2C300 1.5x, https:\/\/i0.wp.com\/dfgs-freiburg.de\/wp-content\/uploads\/2018\/08\/sommerfest2017.jpg?fit=1200%2C675&ssl=1&resize=700%2C400 2x, https:\/\/i0.wp.com\/dfgs-freiburg.de\/wp-content\/uploads\/2018\/08\/sommerfest2017.jpg?fit=1200%2C675&ssl=1&resize=1050%2C600 3x"},"classes":[]},{"id":71,"url":"https:\/\/dfgs-freiburg.de\/?page_id=71&lang=fr","url_meta":{"origin":299,"position":1},"title":"Fonctionnement","author":"Daniel Le Bras-Lerouge","date":"2. f\u00e9vrier 2018","format":false,"excerpt":"L'enseignement Cherchant \u00e0 former des enfants bilingues et biculturels, l'\u00e9cole a pour objectifs de pr\u00e9parer les \u00e9l\u00e8ves \u00e0 la section fran\u00e7aise du lyc\u00e9e franco-allemand de Fribourg. Au cours de leur scolarit\u00e9, ceux-ci seront de plus en plus int\u00e9gr\u00e9s avec des enfants de la section allemande. La scolarit\u00e9 dure 5 ans\u2026","rel":"","context":"Article similaire","block_context":{"text":"Article similaire","link":""},"img":{"alt_text":"","src":"https:\/\/i0.wp.com\/dfgs-freiburg.de\/wp-content\/uploads\/2018\/09\/frankreich.png?resize=350%2C200&ssl=1","width":350,"height":200},"classes":[]},{"id":143,"url":"https:\/\/dfgs-freiburg.de\/?page_id=143&lang=fr","url_meta":{"origin":299,"position":2},"title":"Comit\u00e9 de parents","author":"Catherine Bras-Henkes","date":"18. avril 2018","format":false,"excerpt":"Pr\u00e9sident: Fabien Coydon Vice-pr\u00e9sidente: Annabelle von Kalckreuth Le comit\u00e9 de parents regroupe tous les repr\u00e9sentants de parents d\u2019\u00e9l\u00e8ves (2 par classe, soit 10 au total). Les repr\u00e9sentants de parents d\u2019\u00e9l\u00e8ves se font le relais des parents aupr\u00e8s de la direction et du corps enseignant pour aborder \u00e0 chaque conseil d\u2019\u00e9cole\u2026","rel":"","context":"Article similaire","block_context":{"text":"Article similaire","link":""},"img":{"alt_text":"","src":"","width":0,"height":0},"classes":[]},{"id":152,"url":"https:\/\/dfgs-freiburg.de\/?page_id=152&lang=fr","url_meta":{"origin":299,"position":3},"title":"Liens","author":"Catherine Bras-Henkes","date":"18. avril 2018","format":false,"excerpt":"L'Agence pour l'enseignement fran\u00e7ais \u00e0 l'\u00e9tranger La cr\u00e8che et l'\u00e9cole maternelle franco-allemande \u00e0 Fribourg Le lyc\u00e9e franco-allemand \u00e0 Fribourg","rel":"","context":"Article similaire","block_context":{"text":"Article similaire","link":""},"img":{"alt_text":"","src":"","width":0,"height":0},"classes":[]},{"id":166,"url":"https:\/\/dfgs-freiburg.de\/?page_id=166&lang=fr","url_meta":{"origin":299,"position":4},"title":"Contact","author":"Catherine Bras-Henkes","date":"18. avril 2018","format":false,"excerpt":"Adresse \u00c9cole Primaire Franco-Allemande de Fribourg Belchenstr. 2 79115 Freiburg Allemagne Directrices: Madame Burghardt Madame Bras-Henkes T\u00e9l\u00e9phone: +49 761 476 2243 Fax: +49 761 476 5457 E-Mail: sekretariat.dfgsvn@freiburger-schulen.bwl.de L'acc\u00e8s \u00e0 l'\u00e9cole n'est possible que du c\u00f4t\u00e9 de la Uffhauserstra\u00dfe. Secr\u00e9tariat Secr\u00e9taire : Madame Moser Horaires d'ouverture : Lundi et jeudi\u2026","rel":"","context":"Article similaire","block_context":{"text":"Article similaire","link":""},"img":{"alt_text":"","src":"","width":0,"height":0},"classes":[]},{"id":150,"url":"https:\/\/dfgs-freiburg.de\/?page_id=150&lang=fr","url_meta":{"origin":299,"position":5},"title":"Ateliers 2023\/24","author":"Catherine Bras-Henkes","date":"18. avril 2018","format":false,"excerpt":"Religion L'enseignement religieux est propos\u00e9 le jeudi. Ce cours est optionnel et ouvert \u00e0 toutes les classes. \u00a0 Piano Le lundi, Monsieur Bu\u00dfmann propose un atelier de piano pour les \u00e9l\u00e8ves de CE1 et CE2. 2023 Handzettel DFG Din A6 1.0 Klavierkurs_DFGS Couture Le lundi, Madame Chenna propose un atelier\u2026","rel":"","context":"Article similaire","block_context":{"text":"Article similaire","link":""},"img":{"alt_text":"","src":"","width":0,"height":0},"classes":[]}],"jetpack_shortlink":"https:\/\/wp.me\/P9kppB-4P","jetpack_sharing_enabled":true,"_links":{"self":[{"href":"https:\/\/dfgs-freiburg.de\/index.php?rest_route=\/wp\/v2\/pages\/299","targetHints":{"allow":["GET"]}}],"collection":[{"href":"https:\/\/dfgs-freiburg.de\/index.php?rest_route=\/wp\/v2\/pages"}],"about":[{"href":"https:\/\/dfgs-freiburg.de\/index.php?rest_route=\/wp\/v2\/types\/page"}],"author":[{"embeddable":true,"href":"https:\/\/dfgs-freiburg.de\/index.php?rest_route=\/wp\/v2\/users\/1"}],"replies":[{"embeddable":true,"href":"https:\/\/dfgs-freiburg.de\/index.php?rest_route=%2Fwp%2Fv2%2Fcomments&post=299"}],"version-history":[{"count":14,"href":"https:\/\/dfgs-freiburg.de\/index.php?rest_route=\/wp\/v2\/pages\/299\/revisions"}],"predecessor-version":[{"id":4318,"href":"https:\/\/dfgs-freiburg.de\/index.php?rest_route=\/wp\/v2\/pages\/299\/revisions\/4318"}],"up":[{"embeddable":true,"href":"https:\/\/dfgs-freiburg.de\/index.php?rest_route=\/wp\/v2\/pages\/20"}],"wp:attachment":[{"href":"https:\/\/dfgs-freiburg.de\/index.php?rest_route=%2Fwp%2Fv2%2Fmedia&parent=299"}],"curies":[{"name":"wp","href":"https:\/\/api.w.org\/{rel}","templated":true}]}}

<h4>La journée de votre enfant</h4>
<table style="height: 690px;" width="755">
<tbody>
<tr>
<td colspan="2" width="403"><strong>Que fait mon enfant ?</strong></td>
<td width="201"><strong>Avec qui ?</strong></td>
</tr>
<tr>
<td colspan="2" width="403">8h00-8h10 Accueil dans la cour</td>
<td width="201">Enseignants</td>
</tr>
<tr>
<td rowspan="6" width="201"><strong>CP</strong></p>
<p><strong>CE1</strong></p>
<p><strong>CE2</strong></p>
<p><strong>CM1</strong></p>
<p><strong>CM2</strong></td>
<td width="201">8h10-9h40 Enseignements</td>
<td rowspan="5" width="201">Enseignants</td>
</tr>
<tr>
<td width="201">9h40-10h Récréation</td>
</tr>
<tr>
<td width="201">10h-11h30 Enseignements</td>
</tr>
<tr>
<td width="201">11h30-11h50 Récréation</td>
</tr>
<tr>
<td width="201">11h50-13h20 Enseignements</td>
</tr>
<tr>
<td width="201">13h20- Sortie</td>
<td width="201">Enseignants</td>
</tr>
<tr>
<td rowspan="4" width="201"><strong>Periscolaire</strong></p>
<p><strong> </strong></td>
<td width="201">13h30-14h30 Cantine et récréation</td>
<td width="201">Educateurs SKB</td>
</tr>
<tr>
<td width="201">14h30-15h30 Aide aux devoirs</td>
<td width="201">Educateurs FNB</td>
</tr>
<tr>
<td width="201">14h30-15h15 ou 16h00 Ateliers</td>
<td width="201">Responsables des ateliers</td>
</tr>
<tr>
<td width="201">15h30-17h30 (max) Activités diverses</td>
<td width="201">Educateurs FNB</td>
</tr>
</tbody>
</table>
<h4>Sport</h4>
<p>Les cours de sport ont lieu une fois par semaine dans le gymnase d&rsquo;une école voisine.</p>
<p>Les enfants vont à la piscine municipale de Haslach du CP au CM2.</p>
<h4>Bibliothèque</h4>
<p>L&rsquo;école possède une bibliothèque en coopération avec la bibliothèque municipale de la ville de Fribourg avec de nombreux ouvrages dans les deux langues. Des enseignants en sont responsables sur une partie de leur service et chaque classe y va au moins une fois par semaine.</p>
<p>Tous les troisièmes vendredis du mois, le bibliobus de la ville de Mulhouse stationne dans la cour de l&rsquo;école. Petits et grands peuvent emprunter des livres en français.</p>

<p>La journée de votre enfant Que fait mon enfant ? Avec qui ? 8h00-8h10 Accueil dans la cour Enseignants CP CE1 CE2 CM1 CM2 8h10-9h40 Enseignements Enseignants 9h40-10h Récréation 10h-11h30 Enseignements 11h30-11h50 Récréation 11h50-13h20 Enseignements 13h20- Sortie Enseignants Periscolaire   &hellip; </p>

Notre école

L'École Elémentaire Franco-Allemande de Fribourg est un établissement primaire binational unique. Elle a été fondée en septembre 1992 par la signature d'une déclaration commune entre le ministre de l'éducation du Land du Bade-Wurtemberg et l'Agence pour l'Enseignement Français à l'Etranger (AEFE). Depuis, notre école accueille chaque année environ 125 élèves…

2. février 2018

L'enseignement Cherchant à former des enfants bilingues et biculturels, l'école a pour objectifs de préparer les élèves à la section française du lycée franco-allemand de Fribourg. Au cours de leur scolarité, ceux-ci seront de plus en plus intégrés avec des enfants de la section allemande. La scolarité dure 5 ans…

Comité de parents

Président: Fabien Coydon Vice-présidente: Annabelle von Kalckreuth Le comité de parents regroupe tous les représentants de parents d’élèves (2 par classe, soit 10 au total). Les représentants de parents d’élèves se font le relais des parents auprès de la direction et du corps enseignant pour aborder à chaque conseil d’école…

L'Agence pour l'enseignement français à l'étranger La crèche et l'école maternelle franco-allemande à Fribourg Le lycée franco-allemand à Fribourg

Adresse École Primaire Franco-Allemande de Fribourg Belchenstr. 2 79115 Freiburg Allemagne Directrices: Madame Burghardt Madame Bras-Henkes Téléphone: +49 761 476 2243 Fax: +49 761 476 5457 E-Mail: sekretariat.dfgsvn@freiburger-schulen.bwl.de L'accès à l'école n'est possible que du côté de la Uffhauserstraße. Secrétariat Secrétaire : Madame Moser Horaires d'ouverture : Lundi et jeudi…

Religion L'enseignement religieux est proposé le jeudi. Ce cours est optionnel et ouvert à toutes les classes.   Piano Le lundi, Monsieur Bußmann propose un atelier de piano pour les élèves de CE1 et CE2. 2023 Handzettel DFG Din A6 1.0 Klavierkurs_DFGS Couture Le lundi, Madame Chenna propose un atelier…
