{"id":283,"date":"2018-08-16T10:35:32","date_gmt":"2018-08-16T08:35:32","guid":{"rendered":"https:\/\/dfgs-freiburg.de\/?page_id=283"},"modified":"2023-05-03T14:35:25","modified_gmt":"2023-05-03T12:35:25","slug":"organisation","status":"publish","type":"page","link":"https:\/\/dfgs-freiburg.de\/?page_id=283","title":{"rendered":"Organisation"},"content":{"rendered":"<h4>Der Tagesablauf an der Schule<\/h4>\n<p>&nbsp;<\/p>\n<table style=\"height: 614px;\" width=\"688\">\n<tbody>\n<tr>\n<td colspan=\"2\" width=\"403\"><strong>Was macht mein Kind<\/strong><\/td>\n<td width=\"201\"><strong>Wer betreut mein Kind?<\/strong><\/td>\n<\/tr>\n<tr>\n<td colspan=\"2\" width=\"403\">8:00 Uhr &#8211; 8:10 Uhr Fr\u00fchaufsicht<\/td>\n<td width=\"201\">Lehrer<\/td>\n<\/tr>\n<tr>\n<td rowspan=\"6\" width=\"201\"><strong>\u00a0<\/strong><\/p>\n<p><strong>CP<\/strong><\/p>\n<p><strong>CE1<\/strong><\/p>\n<p><strong>CE2<\/strong><\/p>\n<p><strong>CM1<\/strong><\/p>\n<p><strong>CM2<\/strong><\/td>\n<td width=\"201\">8:10Uhr &#8211; 9:40Uhr Unterricht<\/td>\n<td rowspan=\"5\" width=\"201\">Lehrer<\/td>\n<\/tr>\n<tr>\n<td width=\"201\">9:40Uhr &#8211; 10:00Uhr Pause<\/td>\n<\/tr>\n<tr>\n<td width=\"201\">10:00Uhr-11:30Uhr Unterricht<\/td>\n<\/tr>\n<tr>\n<td width=\"201\">11:30Uhr &#8211; 11:50Uhr Pause<\/td>\n<\/tr>\n<tr>\n<td width=\"201\">11:50Uhr &#8211; 13:20Uhr Unterricht<\/td>\n<\/tr>\n<tr>\n<td width=\"201\">13:20Uhr &#8211; Schulschluss<\/td>\n<td width=\"201\">Lehrer<\/td>\n<\/tr>\n<tr>\n<td rowspan=\"4\" width=\"201\"><strong>Periscolaire<\/strong><\/p>\n<p><strong>\u00a0<\/strong><\/td>\n<td width=\"201\">13:30Uhr &#8211; 14:30Uhr Mittagessen und Pause<\/td>\n<td width=\"201\">Betreuer SKB<\/td>\n<\/tr>\n<tr>\n<td width=\"201\">14:30Uhr &#8211; 15:30Uhr Hausaufgabenhilfe<\/td>\n<td width=\"201\">BetreuerFNB<\/td>\n<\/tr>\n<tr>\n<td width=\"201\">14:30Uhr &#8211; 15:15Uhr oder 16:00Uhr Nachmittagsaktivit\u00e4ten<\/td>\n<td width=\"201\">Verantwortliche der Aktivit\u00e4ten<\/td>\n<\/tr>\n<tr>\n<td width=\"201\">15:30Uhr -17:30Uhr (max.) Freizeitbesch\u00e4ftigungen<\/td>\n<td width=\"201\">Betreuer FNB<\/td>\n<\/tr>\n<\/tbody>\n<\/table>\n<h4>Sport<\/h4>\n<p>Der Sportunterricht findet einmal pro Woche in der Halle der benachbarten Schule statt.<\/p>\n<p>Die Kinder haben Schwimmunterricht im Haslacher Bad von der ersten bis zur f\u00fcnften Klasse.<\/p>\n<h4>Bibliothek<\/h4>\n<p>In der Schule gibt es eine Bibliothek in Kooperation mit der Stadtbibliothek Freiburg, in der zahlreiche deutsche und franz\u00f6sische B\u00fccher zur Einsicht oder Ausleihe vorgehalten werden. Die Lehrkr\u00e4fte sind als Teil ihrer Arbeit daf\u00fcr verantwortlich. Jede Klasse geht mindestens einmal pro Woche in die Bibliothek.<\/p>\n<p>Jeden dritten Freitag im Monat in der Schulzeit kommt der Bibliobus aus Mulhouse auf unseren Schulhof. Dort k\u00f6nnen zudem noch franz\u00f6sische B\u00fccher ausgeliehen werden.<\/p>\n","protected":false},"excerpt":{"rendered":"<p>Der Tagesablauf an der Schule &nbsp; Was macht mein Kind Wer betreut mein Kind? 8:00 Uhr &#8211; 8:10 Uhr Fr\u00fchaufsicht Lehrer \u00a0 CP CE1 CE2 CM1 CM2 8:10Uhr &#8211; 9:40Uhr Unterricht Lehrer 9:40Uhr &#8211; 10:00Uhr Pause 10:00Uhr-11:30Uhr Unterricht 11:30Uhr &#8211; &hellip; <\/p>\n","protected":false},"author":1,"featured_media":0,"parent":2,"menu_order":0,"comment_status":"closed","ping_status":"closed","template":"","meta":{"jetpack_post_was_ever_published":false,"footnotes":""},"class_list":["post-283","page","type-page","status-publish","hentry"],"jetpack-related-posts":[{"id":73,"url":"https:\/\/dfgs-freiburg.de\/?page_id=73","url_meta":{"origin":283,"position":0},"title":"Gestaltung","author":"Daniel Le Bras-Lerouge","date":"2. f\u00e9vrier 2018","format":false,"excerpt":"Unterricht Im Unterricht werden die ca. 120 Sch\u00fcler\/innen sowohl im Rahmen des franz\u00f6sischen, als auch des deutschen Bildungsplanes auf die Ziele der jeweiligen Klassenstufe hingef\u00fchrt. Jede Klasse wird von einem deutsch-franz\u00f6sischen Lehrertandem unterrichtet. Unter den Lehrkr\u00e4ften findet eine w\u00f6chentliche Besprechung statt zur genauen Koordination des Unterrichts und zur Vorbereitung zweisprachiger\u2026","rel":"","context":"Article similaire","block_context":{"text":"Article similaire","link":""},"img":{"alt_text":"","src":"https:\/\/i0.wp.com\/dfgs-freiburg.de\/wp-content\/uploads\/2018\/09\/frankreich.png?resize=350%2C200&ssl=1","width":350,"height":200},"classes":[]},{"id":79,"url":"https:\/\/dfgs-freiburg.de\/?page_id=79","url_meta":{"origin":283,"position":1},"title":"Kontakt","author":"Daniel Le Bras-Lerouge","date":"2. f\u00e9vrier 2018","format":false,"excerpt":"Anschrift Deutsch-Franz\u00f6sische Grundschule Freiburg Belchenstr. 2 79115 Freiburg Schulleitung: Frau Burghardt Frau Bras-Henkes Telefon: 0761 \/ 476 2243 Fax: 0761 476 5457 E-Mail: sekretariat.dfgsvn@freiburger-schulen.bwl.de Zugang zu unserer Schule ist nur \u00fcber die Uffhauserstra\u00dfe m\u00f6glich. Sekretariat Sekret\u00e4rin: Frau H\u00f6rl-Schnabel \u00d6ffnungszeiten: Montags und Donnerstags von 07:30 - 11:30 Uhr Dienstags von 07:30\u2026","rel":"","context":"Article similaire","block_context":{"text":"Article similaire","link":""},"img":{"alt_text":"","src":"","width":0,"height":0},"classes":[]},{"id":93,"url":"https:\/\/dfgs-freiburg.de\/?page_id=93","url_meta":{"origin":283,"position":2},"title":"Elternbeirat","author":"Daniel Le Bras-Lerouge","date":"16. mars 2018","format":false,"excerpt":"Vorsitzender: Fabien Coydon Stellvertretende Vorsitzende: Annabelle von Kalckreuth Der Elternbeirat setzt sich aus allen gew\u00e4hlten Elternvertretern zusammen (2 pro Klasse, d.h. insgesamt 10). Die Elternvertreter verstehen sich als Bindeglied zwischen den Sch\u00fclereltern und den Rektorinnen und dem Lehrerkollegium um bei den Elternbeiratssitzungen (2\/Jahr) alle p\u00e4dagogischen und den Schulalltag betreffende Fragen\u2026","rel":"","context":"Article similaire","block_context":{"text":"Article similaire","link":""},"img":{"alt_text":"","src":"","width":0,"height":0},"classes":[]},{"id":123,"url":"https:\/\/dfgs-freiburg.de\/?page_id=123","url_meta":{"origin":283,"position":3},"title":"Anmeldung","author":"Daniel Le Bras-Lerouge","date":"21. mars 2018","format":false,"excerpt":"Wie melden Sie Ihr Kind an? Aufnahmekriterien f\u00fcr die Schule Die Anzahl der aufgenommenen Kinder wird durch die verf\u00fcgbaren Pl\u00e4tze bestimmt. Die Aufnahme wird schriftlich mitgeteilt. Um an unserer Schule aufgenommen zu werden, muss die Familie ihren Wohnsitz in Freiburg und Umgebung haben. F\u00fcr Neuanmeldungen in die erste Klasse gilt:\u2026","rel":"","context":"Article similaire","block_context":{"text":"Article similaire","link":""},"img":{"alt_text":"","src":"","width":0,"height":0},"classes":[]},{"id":102,"url":"https:\/\/dfgs-freiburg.de\/?page_id=102","url_meta":{"origin":283,"position":4},"title":"Schulkindbetreuung","author":"Daniel Le Bras-Lerouge","date":"16. mars 2018","format":false,"excerpt":"Schulkindbetreuung an der Deutsch-Franz\u00f6sischen Grundschule Seit dem Schuljahr 2020\/21 wird die Nachmittagsbetreuung an der Deutsch-Franz\u00f6sischen Grundschule nach dem Konzept der Schulkindbetreuung der Stadt Freiburg durchgef\u00fchrt. Die Schulkindbetreuung hat die Stadt Freiburg als freiwillige Aufgabe gem\u00e4\u00df \u00a72 der Gemeindeordnung eingerichtet. Tr\u00e4ger der Schulkindbetreuung an der Deutsch-Franz\u00f6sischen Grundschule ist die Evangelische Jugendhilfe\u2026","rel":"","context":"Article similaire","block_context":{"text":"Article similaire","link":""},"img":{"alt_text":"","src":"","width":0,"height":0},"classes":[]},{"id":128,"url":"https:\/\/dfgs-freiburg.de\/?page_id=128","url_meta":{"origin":283,"position":5},"title":"Kantine","author":"Daniel Le Bras-Lerouge","date":"18. avril 2018","format":false,"excerpt":"Kinder, die in der Schulkindbetreuung angemeldet sind, haben die M\u00f6glichkeit warmes Mittagessen zu bestellen. Die Bestellung und Abrechnung des warmen Mittagessens wird \u00fcber den Fachservice Schulverpflegung vom Amt f\u00fcr Schule und Bildung abgewickelt. Eltern \u00fcberweisen Essensgeld auf das Guthabenkonto ihres Kindes. Im Rahmen des verf\u00fcgbaren Guthabens kann dann das Essen\u2026","rel":"","context":"Article similaire","block_context":{"text":"Article similaire","link":""},"img":{"alt_text":"","src":"","width":0,"height":0},"classes":[]}],"jetpack_shortlink":"https:\/\/wp.me\/P9kppB-4z","jetpack_sharing_enabled":true,"_links":{"self":[{"href":"https:\/\/dfgs-freiburg.de\/index.php?rest_route=\/wp\/v2\/pages\/283","targetHints":{"allow":["GET"]}}],"collection":[{"href":"https:\/\/dfgs-freiburg.de\/index.php?rest_route=\/wp\/v2\/pages"}],"about":[{"href":"https:\/\/dfgs-freiburg.de\/index.php?rest_route=\/wp\/v2\/types\/page"}],"author":[{"embeddable":true,"href":"https:\/\/dfgs-freiburg.de\/index.php?rest_route=\/wp\/v2\/users\/1"}],"replies":[{"embeddable":true,"href":"https:\/\/dfgs-freiburg.de\/index.php?rest_route=%2Fwp%2Fv2%2Fcomments&post=283"}],"version-history":[{"count":16,"href":"https:\/\/dfgs-freiburg.de\/index.php?rest_route=\/wp\/v2\/pages\/283\/revisions"}],"predecessor-version":[{"id":4316,"href":"https:\/\/dfgs-freiburg.de\/index.php?rest_route=\/wp\/v2\/pages\/283\/revisions\/4316"}],"up":[{"embeddable":true,"href":"https:\/\/dfgs-freiburg.de\/index.php?rest_route=\/wp\/v2\/pages\/2"}],"wp:attachment":[{"href":"https:\/\/dfgs-freiburg.de\/index.php?rest_route=%2Fwp%2Fv2%2Fmedia&parent=283"}],"curies":[{"name":"wp","href":"https:\/\/api.w.org\/{rel}","templated":true}]}}

<h4>Der Tagesablauf an der Schule</h4>
<p>&nbsp;</p>
<table style="height: 614px;" width="688">
<tbody>
<tr>
<td colspan="2" width="403"><strong>Was macht mein Kind</strong></td>
<td width="201"><strong>Wer betreut mein Kind?</strong></td>
</tr>
<tr>
<td colspan="2" width="403">8:00 Uhr &#8211; 8:10 Uhr Frühaufsicht</td>
<td width="201">Lehrer</td>
</tr>
<tr>
<td rowspan="6" width="201"><strong> </strong></p>
<p><strong>CP</strong></p>
<p><strong>CE1</strong></p>
<p><strong>CE2</strong></p>
<p><strong>CM1</strong></p>
<p><strong>CM2</strong></td>
<td width="201">8:10Uhr &#8211; 9:40Uhr Unterricht</td>
<td rowspan="5" width="201">Lehrer</td>
</tr>
<tr>
<td width="201">9:40Uhr &#8211; 10:00Uhr Pause</td>
</tr>
<tr>
<td width="201">10:00Uhr-11:30Uhr Unterricht</td>
</tr>
<tr>
<td width="201">11:30Uhr &#8211; 11:50Uhr Pause</td>
</tr>
<tr>
<td width="201">11:50Uhr &#8211; 13:20Uhr Unterricht</td>
</tr>
<tr>
<td width="201">13:20Uhr &#8211; Schulschluss</td>
<td width="201">Lehrer</td>
</tr>
<tr>
<td rowspan="4" width="201"><strong>Periscolaire</strong></p>
<p><strong> </strong></td>
<td width="201">13:30Uhr &#8211; 14:30Uhr Mittagessen und Pause</td>
<td width="201">Betreuer SKB</td>
</tr>
<tr>
<td width="201">14:30Uhr &#8211; 15:30Uhr Hausaufgabenhilfe</td>
<td width="201">BetreuerFNB</td>
</tr>
<tr>
<td width="201">14:30Uhr &#8211; 15:15Uhr oder 16:00Uhr Nachmittagsaktivitäten</td>
<td width="201">Verantwortliche der Aktivitäten</td>
</tr>
<tr>
<td width="201">15:30Uhr -17:30Uhr (max.) Freizeitbeschäftigungen</td>
<td width="201">Betreuer FNB</td>
</tr>
</tbody>
</table>
<h4>Sport</h4>
<p>Der Sportunterricht findet einmal pro Woche in der Halle der benachbarten Schule statt.</p>
<p>Die Kinder haben Schwimmunterricht im Haslacher Bad von der ersten bis zur fünften Klasse.</p>
<h4>Bibliothek</h4>
<p>In der Schule gibt es eine Bibliothek in Kooperation mit der Stadtbibliothek Freiburg, in der zahlreiche deutsche und französische Bücher zur Einsicht oder Ausleihe vorgehalten werden. Die Lehrkräfte sind als Teil ihrer Arbeit dafür verantwortlich. Jede Klasse geht mindestens einmal pro Woche in die Bibliothek.</p>
<p>Jeden dritten Freitag im Monat in der Schulzeit kommt der Bibliobus aus Mulhouse auf unseren Schulhof. Dort können zudem noch französische Bücher ausgeliehen werden.</p>

<p>Der Tagesablauf an der Schule &nbsp; Was macht mein Kind Wer betreut mein Kind? 8:00 Uhr &#8211; 8:10 Uhr Frühaufsicht Lehrer   CP CE1 CE2 CM1 CM2 8:10Uhr &#8211; 9:40Uhr Unterricht Lehrer 9:40Uhr &#8211; 10:00Uhr Pause 10:00Uhr-11:30Uhr Unterricht 11:30Uhr &#8211; &hellip; </p>

2. février 2018

Unterricht Im Unterricht werden die ca. 120 Schüler/innen sowohl im Rahmen des französischen, als auch des deutschen Bildungsplanes auf die Ziele der jeweiligen Klassenstufe hingeführt. Jede Klasse wird von einem deutsch-französischen Lehrertandem unterrichtet. Unter den Lehrkräften findet eine wöchentliche Besprechung statt zur genauen Koordination des Unterrichts und zur Vorbereitung zweisprachiger…

Anschrift Deutsch-Französische Grundschule Freiburg Belchenstr. 2 79115 Freiburg Schulleitung: Frau Burghardt Frau Bras-Henkes Telefon: 0761 / 476 2243 Fax: 0761 476 5457 E-Mail: sekretariat.dfgsvn@freiburger-schulen.bwl.de Zugang zu unserer Schule ist nur über die Uffhauserstraße möglich. Sekretariat Sekretärin: Frau Hörl-Schnabel Öffnungszeiten: Montags und Donnerstags von 07:30 - 11:30 Uhr Dienstags von 07:30…

Vorsitzender: Fabien Coydon Stellvertretende Vorsitzende: Annabelle von Kalckreuth Der Elternbeirat setzt sich aus allen gewählten Elternvertretern zusammen (2 pro Klasse, d.h. insgesamt 10). Die Elternvertreter verstehen sich als Bindeglied zwischen den Schülereltern und den Rektorinnen und dem Lehrerkollegium um bei den Elternbeiratssitzungen (2/Jahr) alle pädagogischen und den Schulalltag betreffende Fragen…

Wie melden Sie Ihr Kind an? Aufnahmekriterien für die Schule Die Anzahl der aufgenommenen Kinder wird durch die verfügbaren Plätze bestimmt. Die Aufnahme wird schriftlich mitgeteilt. Um an unserer Schule aufgenommen zu werden, muss die Familie ihren Wohnsitz in Freiburg und Umgebung haben. Für Neuanmeldungen in die erste Klasse gilt:…

Schulkindbetreuung an der Deutsch-Französischen Grundschule Seit dem Schuljahr 2020/21 wird die Nachmittagsbetreuung an der Deutsch-Französischen Grundschule nach dem Konzept der Schulkindbetreuung der Stadt Freiburg durchgeführt. Die Schulkindbetreuung hat die Stadt Freiburg als freiwillige Aufgabe gemäß §2 der Gemeindeordnung eingerichtet. Träger der Schulkindbetreuung an der Deutsch-Französischen Grundschule ist die Evangelische Jugendhilfe…

Kinder, die in der Schulkindbetreuung angemeldet sind, haben die Möglichkeit warmes Mittagessen zu bestellen. Die Bestellung und Abrechnung des warmen Mittagessens wird über den Fachservice Schulverpflegung vom Amt für Schule und Bildung abgewickelt. Eltern überweisen Essensgeld auf das Guthabenkonto ihres Kindes. Im Rahmen des verfügbaren Guthabens kann dann das Essen…
