{"id":166,"date":"2018-04-18T14:43:04","date_gmt":"2018-04-18T12:43:04","guid":{"rendered":"https:\/\/dfgs-freiburg.de\/?page_id=166"},"modified":"2020-11-26T12:09:53","modified_gmt":"2020-11-26T11:09:53","slug":"contact","status":"publish","type":"page","link":"https:\/\/dfgs-freiburg.de\/?page_id=166&lang=fr","title":{"rendered":"Contact"},"content":{"rendered":"<h4>Adresse<\/h4>\n<p>\u00c9cole Primaire Franco-Allemande de Fribourg<br \/>\nBelchenstr. 2<br \/>\n79115 Freiburg<br \/>\nAllemagne<\/p>\n<p><strong>Directrices:<\/strong><\/p>\n<p>Madame Burghardt<\/p>\n<p>Madame Bras-Henkes<\/p>\n<p>T\u00e9l\u00e9phone: <a href=\"tel:00497614762243\">+49 761 476 2243<\/a><br \/>\nFax: +49 761 476 5457<br \/>\nE-Mail: <a href=\"mailto:sekretariat.dfgsvn@freiburger-schulen.bwl.de\">sekretariat.dfgsvn@freiburger-schulen.bwl.de<\/a><\/p>\n<p><strong>L&rsquo;acc\u00e8s \u00e0 l&rsquo;\u00e9cole n&rsquo;est possible que du c\u00f4t\u00e9 de la Uffhauserstra\u00dfe.<\/strong><\/p>\n<h4>Secr\u00e9tariat<\/h4>\n<p><strong>Secr\u00e9taire :<\/strong> Madame Moser<\/p>\n<p>Horaires d&rsquo;ouverture :<br \/>\nLundi et jeudi de 07h30 \u00e0 11h30<br \/>\nMardi de 07h30 \u00e0 10h30<\/p>\n<p><strong>Concierge :<\/strong> Monsieur Heitzler<\/p>\n<h4>Acc\u00e8s avec les transports en commun<\/h4>\n<p><strong>Tramway :<\/strong><br \/>\nLigne 5, arr\u00eat Dorfbrunnen (Haslach), puis environ 5 min de marche sur la Uffhauserstra\u00dfe jusqu&rsquo;\u00e0 l&rsquo;\u00e9cole.<\/p>\n<p><strong>Bus :<\/strong><br \/>\nLigne 14, arr\u00eat Uffhauserstra\u00dfe.<\/p>\n<p>&nbsp;<\/p>\n","protected":false},"excerpt":{"rendered":"<p>Adresse \u00c9cole Primaire Franco-Allemande de Fribourg Belchenstr. 2 79115 Freiburg Allemagne Directrices: Madame Burghardt Madame Bras-Henkes T\u00e9l\u00e9phone: +49 761 476 2243 Fax: +49 761 476 5457 E-Mail: sekretariat.dfgsvn@freiburger-schulen.bwl.de L&rsquo;acc\u00e8s \u00e0 l&rsquo;\u00e9cole n&rsquo;est possible que du c\u00f4t\u00e9 de la Uffhauserstra\u00dfe. Secr\u00e9tariat &hellip; <\/p>\n","protected":false},"author":4,"featured_media":0,"parent":0,"menu_order":0,"comment_status":"closed","ping_status":"closed","template":"","meta":{"jetpack_post_was_ever_published":false,"footnotes":""},"class_list":["post-166","page","type-page","status-publish","hentry"],"jetpack-related-posts":[{"id":150,"url":"https:\/\/dfgs-freiburg.de\/?page_id=150&lang=fr","url_meta":{"origin":166,"position":0},"title":"Ateliers 2023\/24","author":"Catherine Bras-Henkes","date":"18. avril 2018","format":false,"excerpt":"Religion L'enseignement religieux est propos\u00e9 le jeudi. Ce cours est optionnel et ouvert \u00e0 toutes les classes. \u00a0 Piano Le lundi, Monsieur Bu\u00dfmann propose un atelier de piano pour les \u00e9l\u00e8ves de CE1 et CE2. 2023 Handzettel DFG Din A6 1.0 Klavierkurs_DFGS Couture Le lundi, Madame Chenna propose un atelier\u2026","rel":"","context":"Article similaire","block_context":{"text":"Article similaire","link":""},"img":{"alt_text":"","src":"","width":0,"height":0},"classes":[]},{"id":161,"url":"https:\/\/dfgs-freiburg.de\/?page_id=161&lang=fr","url_meta":{"origin":166,"position":1},"title":"Garderie","author":"Catherine Bras-Henkes","date":"18. avril 2018","format":false,"excerpt":"Le p\u00e9riscolaire \u00e0 l\u2019Ecole Primaire Franco-Allemande Depuis l\u2019ann\u00e9e scolaire 2020\/21, le p\u00e9riscolaire \u00e0 l\u2019Ecole Primaire Franco-Allemande fonctionne selon le concept de la ville de Freiburg. Celle-ci a introduit le p\u00e9riscolaire en tant que service volontaire selon l\u2019article 2 de la charte de la commune. L\u2019Evangelische Jugendhilfe Freiburg-Z\u00e4hringen en est responsable\u2026","rel":"","context":"Article similaire","block_context":{"text":"Article similaire","link":""},"img":{"alt_text":"","src":"","width":0,"height":0},"classes":[]},{"id":163,"url":"https:\/\/dfgs-freiburg.de\/?page_id=163&lang=fr","url_meta":{"origin":166,"position":2},"title":"Cantine","author":"Catherine Bras-Henkes","date":"18. avril 2018","format":false,"excerpt":"Les enfants inscrits au p\u00e9riscolaire ont la possibilit\u00e9 de commander un repas chaud. La commande et le paiement du repas chaud est fait par le Fachservice Schulverpflegung de l\u2019Amt f\u00fcr Schule und Bildung. Les parents versent l\u2019argent sur le compte de l\u2019enfant. Le repas peut \u00eatre command\u00e9 en ligne dans\u2026","rel":"","context":"Article similaire","block_context":{"text":"Article similaire","link":""},"img":{"alt_text":"","src":"","width":0,"height":0},"classes":[]},{"id":4267,"url":"https:\/\/dfgs-freiburg.de\/?page_id=4267&lang=fr","url_meta":{"origin":166,"position":3},"title":"Plan des trajets","author":"Daniel Le Bras-Lerouge","date":"10. f\u00e9vrier 2023","format":false,"excerpt":"La ville de Freiburg a \u00e9labor\u00e9 un plan des trajets scolaires qui indique le chemin le plus appropri\u00e9 que nos \u00e9l\u00e8ves peuvent emprunter. Le plan peut \u00eatre t\u00e9l\u00e9charg\u00e9 ici. Plan des trajets scolaires (PDF) Informations sur l'assurance scolaire concernant le trajet \u00e9cole-domicile: Information_Schulweg","rel":"","context":"Article similaire","block_context":{"text":"Article similaire","link":""},"img":{"alt_text":"","src":"","width":0,"height":0},"classes":[]},{"id":143,"url":"https:\/\/dfgs-freiburg.de\/?page_id=143&lang=fr","url_meta":{"origin":166,"position":4},"title":"Comit\u00e9 de parents","author":"Catherine Bras-Henkes","date":"18. avril 2018","format":false,"excerpt":"Pr\u00e9sident: Fabien Coydon Vice-pr\u00e9sidente: Annabelle von Kalckreuth Le comit\u00e9 de parents regroupe tous les repr\u00e9sentants de parents d\u2019\u00e9l\u00e8ves (2 par classe, soit 10 au total). Les repr\u00e9sentants de parents d\u2019\u00e9l\u00e8ves se font le relais des parents aupr\u00e8s de la direction et du corps enseignant pour aborder \u00e0 chaque conseil d\u2019\u00e9cole\u2026","rel":"","context":"Article similaire","block_context":{"text":"Article similaire","link":""},"img":{"alt_text":"","src":"","width":0,"height":0},"classes":[]},{"id":145,"url":"https:\/\/dfgs-freiburg.de\/?page_id=145&lang=fr","url_meta":{"origin":166,"position":5},"title":"Comit\u00e9 de soutien Ecole 92","author":"Catherine Bras-Henkes","date":"18. avril 2018","format":false,"excerpt":"Le comit\u00e9 de soutien de l'\u00e9cole primaire se compose des membres du bureau de l'association \u00e9cole 92 e.V. L'association soutient et subventionne les activit\u00e9s culturelles \u00e0 l'\u00e9cole primaire depuis sa cr\u00e9ation en 1992. Pour plus de d\u00e9tails concernant l'historique de l'association, cliquez ici. L'association supporte notamment les \u00e9tablissements de cr\u00e8che\u2026","rel":"","context":"Article similaire","block_context":{"text":"Article similaire","link":""},"img":{"alt_text":"","src":"","width":0,"height":0},"classes":[]}],"jetpack_shortlink":"https:\/\/wp.me\/P9kppB-2G","jetpack_sharing_enabled":true,"_links":{"self":[{"href":"https:\/\/dfgs-freiburg.de\/index.php?rest_route=\/wp\/v2\/pages\/166","targetHints":{"allow":["GET"]}}],"collection":[{"href":"https:\/\/dfgs-freiburg.de\/index.php?rest_route=\/wp\/v2\/pages"}],"about":[{"href":"https:\/\/dfgs-freiburg.de\/index.php?rest_route=\/wp\/v2\/types\/page"}],"author":[{"embeddable":true,"href":"https:\/\/dfgs-freiburg.de\/index.php?rest_route=\/wp\/v2\/users\/4"}],"replies":[{"embeddable":true,"href":"https:\/\/dfgs-freiburg.de\/index.php?rest_route=%2Fwp%2Fv2%2Fcomments&post=166"}],"version-history":[{"count":11,"href":"https:\/\/dfgs-freiburg.de\/index.php?rest_route=\/wp\/v2\/pages\/166\/revisions"}],"predecessor-version":[{"id":2871,"href":"https:\/\/dfgs-freiburg.de\/index.php?rest_route=\/wp\/v2\/pages\/166\/revisions\/2871"}],"wp:attachment":[{"href":"https:\/\/dfgs-freiburg.de\/index.php?rest_route=%2Fwp%2Fv2%2Fmedia&parent=166"}],"curies":[{"name":"wp","href":"https:\/\/api.w.org\/{rel}","templated":true}]}}

<h4>Adresse</h4>
<p>École Primaire Franco-Allemande de Fribourg<br />
Belchenstr. 2<br />
79115 Freiburg<br />
Allemagne</p>
<p><strong>Directrices:</strong></p>
<p>Madame Burghardt</p>
<p>Madame Bras-Henkes</p>
<p>Téléphone: <a href="tel:00497614762243">+49 761 476 2243</a><br />
Fax: +49 761 476 5457<br />
E-Mail: <a href="mailto:sekretariat.dfgsvn@freiburger-schulen.bwl.de">sekretariat.dfgsvn@freiburger-schulen.bwl.de</a></p>
<p><strong>L&rsquo;accès à l&rsquo;école n&rsquo;est possible que du côté de la Uffhauserstraße.</strong></p>
<h4>Secrétariat</h4>
<p><strong>Secrétaire :</strong> Madame Moser</p>
<p>Horaires d&rsquo;ouverture :<br />
Lundi et jeudi de 07h30 à 11h30<br />
Mardi de 07h30 à 10h30</p>
<p><strong>Concierge :</strong> Monsieur Heitzler</p>
<h4>Accès avec les transports en commun</h4>
<p><strong>Tramway :</strong><br />
Ligne 5, arrêt Dorfbrunnen (Haslach), puis environ 5 min de marche sur la Uffhauserstraße jusqu&rsquo;à l&rsquo;école.</p>
<p><strong>Bus :</strong><br />
Ligne 14, arrêt Uffhauserstraße.</p>
<p>&nbsp;</p>

<p>Adresse École Primaire Franco-Allemande de Fribourg Belchenstr. 2 79115 Freiburg Allemagne Directrices: Madame Burghardt Madame Bras-Henkes Téléphone: +49 761 476 2243 Fax: +49 761 476 5457 E-Mail: sekretariat.dfgsvn@freiburger-schulen.bwl.de L&rsquo;accès à l&rsquo;école n&rsquo;est possible que du côté de la Uffhauserstraße. Secrétariat &hellip; </p>

Religion L'enseignement religieux est proposé le jeudi. Ce cours est optionnel et ouvert à toutes les classes.   Piano Le lundi, Monsieur Bußmann propose un atelier de piano pour les élèves de CE1 et CE2. 2023 Handzettel DFG Din A6 1.0 Klavierkurs_DFGS Couture Le lundi, Madame Chenna propose un atelier…

Le périscolaire à l’Ecole Primaire Franco-Allemande Depuis l’année scolaire 2020/21, le périscolaire à l’Ecole Primaire Franco-Allemande fonctionne selon le concept de la ville de Freiburg. Celle-ci a introduit le périscolaire en tant que service volontaire selon l’article 2 de la charte de la commune. L’Evangelische Jugendhilfe Freiburg-Zähringen en est responsable…

Les enfants inscrits au périscolaire ont la possibilité de commander un repas chaud. La commande et le paiement du repas chaud est fait par le Fachservice Schulverpflegung de l’Amt für Schule und Bildung. Les parents versent l’argent sur le compte de l’enfant. Le repas peut être commandé en ligne dans…

10. février 2023

La ville de Freiburg a élaboré un plan des trajets scolaires qui indique le chemin le plus approprié que nos élèves peuvent emprunter. Le plan peut être téléchargé ici. Plan des trajets scolaires (PDF) Informations sur l'assurance scolaire concernant le trajet école-domicile: Information_Schulweg

Comité de parents

Président: Fabien Coydon Vice-présidente: Annabelle von Kalckreuth Le comité de parents regroupe tous les représentants de parents d’élèves (2 par classe, soit 10 au total). Les représentants de parents d’élèves se font le relais des parents auprès de la direction et du corps enseignant pour aborder à chaque conseil d’école…

Comité de soutien Ecole 92

Le comité de soutien de l'école primaire se compose des membres du bureau de l'association école 92 e.V. L'association soutient et subventionne les activités culturelles à l'école primaire depuis sa création en 1992. Pour plus de détails concernant l'historique de l'association, cliquez ici. L'association supporte notamment les établissements de crèche…
