{"id":152,"date":"2018-04-18T14:36:00","date_gmt":"2018-04-18T12:36:00","guid":{"rendered":"https:\/\/dfgs-freiburg.de\/?page_id=152"},"modified":"2018-09-29T15:46:43","modified_gmt":"2018-09-29T13:46:43","slug":"liens","status":"publish","type":"page","link":"https:\/\/dfgs-freiburg.de\/?page_id=152&lang=fr","title":{"rendered":"Liens"},"content":{"rendered":"<p><a href=\"https:\/\/aefe.fr\" target=\"_blank\" rel=\"noopener\">L&rsquo;Agence pour l&rsquo;enseignement fran\u00e7ais \u00e0 l&rsquo;\u00e9tranger<\/a><\/p>\n<p><a href=\"https:\/\/ecole92.net\" target=\"_blank\" rel=\"noopener\">La cr\u00e8che et l&rsquo;\u00e9cole maternelle franco-allemande \u00e0 Fribourg<\/a><\/p>\n<p><a href=\"https:\/\/www.dfglfa.net\/dfg\/de\/\" target=\"_blank\" rel=\"noopener\">Le lyc\u00e9e franco-allemand \u00e0 Fribourg<\/a><\/p>\n","protected":false},"excerpt":{"rendered":"<p>L&rsquo;Agence pour l&rsquo;enseignement fran\u00e7ais \u00e0 l&rsquo;\u00e9tranger La cr\u00e8che et l&rsquo;\u00e9cole maternelle franco-allemande \u00e0 Fribourg Le lyc\u00e9e franco-allemand \u00e0 Fribourg<\/p>\n","protected":false},"author":4,"featured_media":0,"parent":0,"menu_order":0,"comment_status":"closed","ping_status":"closed","template":"","meta":{"jetpack_post_was_ever_published":false,"footnotes":""},"class_list":["post-152","page","type-page","status-publish","hentry"],"jetpack-related-posts":[{"id":20,"url":"https:\/\/dfgs-freiburg.de\/?page_id=20&lang=fr","url_meta":{"origin":152,"position":0},"title":"Notre \u00e9cole","author":"Daniel Le Bras-Lerouge","date":"29. octobre 2017","format":false,"excerpt":"L'\u00c9cole El\u00e9mentaire Franco-Allemande de Fribourg est un \u00e9tablissement primaire binational unique. Elle a \u00e9t\u00e9 fond\u00e9e en septembre 1992 par la signature d'une d\u00e9claration commune entre le ministre de l'\u00e9ducation du Land du Bade-Wurtemberg et l'Agence pour l'Enseignement Fran\u00e7ais \u00e0 l'Etranger (AEFE). Depuis, notre \u00e9cole accueille chaque ann\u00e9e environ 125 \u00e9l\u00e8ves\u2026","rel":"","context":"Article similaire","block_context":{"text":"Article similaire","link":""},"img":{"alt_text":"","src":"https:\/\/i0.wp.com\/dfgs-freiburg.de\/wp-content\/uploads\/2018\/08\/sommerfest2017.jpg?fit=1200%2C675&ssl=1&resize=350%2C200","width":350,"height":200,"srcset":"https:\/\/i0.wp.com\/dfgs-freiburg.de\/wp-content\/uploads\/2018\/08\/sommerfest2017.jpg?fit=1200%2C675&ssl=1&resize=350%2C200 1x, https:\/\/i0.wp.com\/dfgs-freiburg.de\/wp-content\/uploads\/2018\/08\/sommerfest2017.jpg?fit=1200%2C675&ssl=1&resize=525%2C300 1.5x, https:\/\/i0.wp.com\/dfgs-freiburg.de\/wp-content\/uploads\/2018\/08\/sommerfest2017.jpg?fit=1200%2C675&ssl=1&resize=700%2C400 2x, https:\/\/i0.wp.com\/dfgs-freiburg.de\/wp-content\/uploads\/2018\/08\/sommerfest2017.jpg?fit=1200%2C675&ssl=1&resize=1050%2C600 3x"},"classes":[]},{"id":23,"url":"https:\/\/dfgs-freiburg.de\/?page_id=23&lang=fr","url_meta":{"origin":152,"position":1},"title":"Bienvenue","author":"Daniel Le Bras-Lerouge","date":"29. octobre 2017","format":false,"excerpt":"Bienvenue sur le site de l'\u00e9cole \u00e9l\u00e9mentaire franco-allemande de Fribourg","rel":"","context":"Article similaire","block_context":{"text":"Article similaire","link":""},"img":{"alt_text":"","src":"","width":0,"height":0},"classes":[]},{"id":132,"url":"https:\/\/dfgs-freiburg.de\/?page_id=132&lang=fr","url_meta":{"origin":152,"position":2},"title":"Inscription","author":"Daniel Le Bras-Lerouge","date":"18. avril 2018","format":false,"excerpt":"Comment inscrire son enfant ? Les inscriptions se font en fonction des places disponibles. Les familles admises re\u00e7oivent une r\u00e9ponse \u00e9crite leur confirmant leur admission. Pour qu'un enfant puisse \u00eatre admis, sa famille doit r\u00e9sider en Allemagne, \u00e0 Fribourg ou dans les environs. Admission en CP Les \u00e9l\u00e8ves de l'\u00e9cole\u2026","rel":"","context":"Article similaire","block_context":{"text":"Article similaire","link":""},"img":{"alt_text":"","src":"","width":0,"height":0},"classes":[]},{"id":71,"url":"https:\/\/dfgs-freiburg.de\/?page_id=71&lang=fr","url_meta":{"origin":152,"position":3},"title":"Fonctionnement","author":"Daniel Le Bras-Lerouge","date":"2. f\u00e9vrier 2018","format":false,"excerpt":"L'enseignement Cherchant \u00e0 former des enfants bilingues et biculturels, l'\u00e9cole a pour objectifs de pr\u00e9parer les \u00e9l\u00e8ves \u00e0 la section fran\u00e7aise du lyc\u00e9e franco-allemand de Fribourg. Au cours de leur scolarit\u00e9, ceux-ci seront de plus en plus int\u00e9gr\u00e9s avec des enfants de la section allemande. La scolarit\u00e9 dure 5 ans\u2026","rel":"","context":"Article similaire","block_context":{"text":"Article similaire","link":""},"img":{"alt_text":"","src":"https:\/\/i0.wp.com\/dfgs-freiburg.de\/wp-content\/uploads\/2018\/09\/frankreich.png?resize=350%2C200&ssl=1","width":350,"height":200},"classes":[]},{"id":166,"url":"https:\/\/dfgs-freiburg.de\/?page_id=166&lang=fr","url_meta":{"origin":152,"position":4},"title":"Contact","author":"Catherine Bras-Henkes","date":"18. avril 2018","format":false,"excerpt":"Adresse \u00c9cole Primaire Franco-Allemande de Fribourg Belchenstr. 2 79115 Freiburg Allemagne Directrices: Madame Burghardt Madame Bras-Henkes T\u00e9l\u00e9phone: +49 761 476 2243 Fax: +49 761 476 5457 E-Mail: sekretariat.dfgsvn@freiburger-schulen.bwl.de L'acc\u00e8s \u00e0 l'\u00e9cole n'est possible que du c\u00f4t\u00e9 de la Uffhauserstra\u00dfe. Secr\u00e9tariat Secr\u00e9taire : Madame Moser Horaires d'ouverture : Lundi et jeudi\u2026","rel":"","context":"Article similaire","block_context":{"text":"Article similaire","link":""},"img":{"alt_text":"","src":"","width":0,"height":0},"classes":[]},{"id":161,"url":"https:\/\/dfgs-freiburg.de\/?page_id=161&lang=fr","url_meta":{"origin":152,"position":5},"title":"Garderie","author":"Catherine Bras-Henkes","date":"18. avril 2018","format":false,"excerpt":"Le p\u00e9riscolaire \u00e0 l\u2019Ecole Primaire Franco-Allemande Depuis l\u2019ann\u00e9e scolaire 2020\/21, le p\u00e9riscolaire \u00e0 l\u2019Ecole Primaire Franco-Allemande fonctionne selon le concept de la ville de Freiburg. Celle-ci a introduit le p\u00e9riscolaire en tant que service volontaire selon l\u2019article 2 de la charte de la commune. L\u2019Evangelische Jugendhilfe Freiburg-Z\u00e4hringen en est responsable\u2026","rel":"","context":"Article similaire","block_context":{"text":"Article similaire","link":""},"img":{"alt_text":"","src":"","width":0,"height":0},"classes":[]}],"jetpack_shortlink":"https:\/\/wp.me\/P9kppB-2s","jetpack_sharing_enabled":true,"_links":{"self":[{"href":"https:\/\/dfgs-freiburg.de\/index.php?rest_route=\/wp\/v2\/pages\/152","targetHints":{"allow":["GET"]}}],"collection":[{"href":"https:\/\/dfgs-freiburg.de\/index.php?rest_route=\/wp\/v2\/pages"}],"about":[{"href":"https:\/\/dfgs-freiburg.de\/index.php?rest_route=\/wp\/v2\/types\/page"}],"author":[{"embeddable":true,"href":"https:\/\/dfgs-freiburg.de\/index.php?rest_route=\/wp\/v2\/users\/4"}],"replies":[{"embeddable":true,"href":"https:\/\/dfgs-freiburg.de\/index.php?rest_route=%2Fwp%2Fv2%2Fcomments&post=152"}],"version-history":[{"count":5,"href":"https:\/\/dfgs-freiburg.de\/index.php?rest_route=\/wp\/v2\/pages\/152\/revisions"}],"predecessor-version":[{"id":588,"href":"https:\/\/dfgs-freiburg.de\/index.php?rest_route=\/wp\/v2\/pages\/152\/revisions\/588"}],"wp:attachment":[{"href":"https:\/\/dfgs-freiburg.de\/index.php?rest_route=%2Fwp%2Fv2%2Fmedia&parent=152"}],"curies":[{"name":"wp","href":"https:\/\/api.w.org\/{rel}","templated":true}]}}

<p><a href="https://aefe.fr" target="_blank" rel="noopener">L&rsquo;Agence pour l&rsquo;enseignement français à l&rsquo;étranger</a></p>
<p><a href="https://ecole92.net" target="_blank" rel="noopener">La crèche et l&rsquo;école maternelle franco-allemande à Fribourg</a></p>
<p><a href="https://www.dfglfa.net/dfg/de/" target="_blank" rel="noopener">Le lycée franco-allemand à Fribourg</a></p>

<p>L&rsquo;Agence pour l&rsquo;enseignement français à l&rsquo;étranger La crèche et l&rsquo;école maternelle franco-allemande à Fribourg Le lycée franco-allemand à Fribourg</p>

Notre école

L'École Elémentaire Franco-Allemande de Fribourg est un établissement primaire binational unique. Elle a été fondée en septembre 1992 par la signature d'une déclaration commune entre le ministre de l'éducation du Land du Bade-Wurtemberg et l'Agence pour l'Enseignement Français à l'Etranger (AEFE). Depuis, notre école accueille chaque année environ 125 élèves…

Bienvenue sur le site de l'école élémentaire franco-allemande de Fribourg

Comment inscrire son enfant ? Les inscriptions se font en fonction des places disponibles. Les familles admises reçoivent une réponse écrite leur confirmant leur admission. Pour qu'un enfant puisse être admis, sa famille doit résider en Allemagne, à Fribourg ou dans les environs. Admission en CP Les élèves de l'école…

2. février 2018

L'enseignement Cherchant à former des enfants bilingues et biculturels, l'école a pour objectifs de préparer les élèves à la section française du lycée franco-allemand de Fribourg. Au cours de leur scolarité, ceux-ci seront de plus en plus intégrés avec des enfants de la section allemande. La scolarité dure 5 ans…

Adresse École Primaire Franco-Allemande de Fribourg Belchenstr. 2 79115 Freiburg Allemagne Directrices: Madame Burghardt Madame Bras-Henkes Téléphone: +49 761 476 2243 Fax: +49 761 476 5457 E-Mail: sekretariat.dfgsvn@freiburger-schulen.bwl.de L'accès à l'école n'est possible que du côté de la Uffhauserstraße. Secrétariat Secrétaire : Madame Moser Horaires d'ouverture : Lundi et jeudi…

Le périscolaire à l’Ecole Primaire Franco-Allemande Depuis l’année scolaire 2020/21, le périscolaire à l’Ecole Primaire Franco-Allemande fonctionne selon le concept de la ville de Freiburg. Celle-ci a introduit le périscolaire en tant que service volontaire selon l’article 2 de la charte de la commune. L’Evangelische Jugendhilfe Freiburg-Zähringen en est responsable…
