{"id":150,"date":"2018-04-18T14:35:26","date_gmt":"2018-04-18T12:35:26","guid":{"rendered":"https:\/\/dfgs-freiburg.de\/?page_id=150"},"modified":"2023-09-26T18:55:44","modified_gmt":"2023-09-26T16:55:44","slug":"ateliers","status":"publish","type":"page","link":"https:\/\/dfgs-freiburg.de\/?page_id=150&lang=fr","title":{"rendered":"Ateliers 2023\/24"},"content":{"rendered":"<h4>Religion<\/h4>\n<p>L&rsquo;enseignement religieux est propos\u00e9 le jeudi. Ce cours est optionnel et ouvert \u00e0 toutes les classes.<\/p>\n<p>&nbsp;<\/p>\n<h4>Piano<\/h4>\n<p>Le lundi, Monsieur Bu\u00dfmann propose un atelier de piano pour les \u00e9l\u00e8ves de CE1 et CE2.<\/p>\n<p><a href=\"https:\/\/dfgs-freiburg.de\/wp-content\/uploads\/2023\/09\/2023-Handzettel-DFG-Din-A6-1.0.pdf\" target=\"_blank\" rel=\"noopener\">2023 Handzettel DFG Din A6 1.0<\/a> <a href=\"https:\/\/dfgs-freiburg.de\/wp-content\/uploads\/2023\/09\/Klavierkurs_DFGS.pdf\" target=\"_blank\" rel=\"noopener\">Klavierkurs_DFGS<\/a><\/p>\n<h4><\/h4>\n<h4>Couture<\/h4>\n<p>Le lundi, Madame Chenna propose un atelier couture.<\/p>\n<p><a href=\"https:\/\/dfgs-freiburg.de\/wp-content\/uploads\/2023\/09\/arbre-a-boutons.pdf\" target=\"_blank\" rel=\"noopener\">arbre a boutons<\/a><\/p>\n<p>&nbsp;<\/p>\n<h4>Atelier de cr\u00e9ativit\u00e9<\/h4>\n<p>Madame Frilay propose un atelier artistique le mercredi pour les classes de CP et CE1.<\/p>\n<p><a href=\"https:\/\/dfgs-freiburg.de\/wp-content\/uploads\/2023\/09\/Laurence-Atelier-Ecole-elementaire-2023.pdf\" target=\"_blank\" rel=\"noopener\">Laurence Atelier Ecole elementaire 2023<\/a><\/p>\n<h4><\/h4>\n<h4>Violon<\/h4>\n<p>L&rsquo;atelier violon est propos\u00e9\u00a0 par Matias P\u00e9rez, musicien professionnel.<\/p>\n<p>Il s&rsquo;adresse aux \u00e9l\u00e8ves de toutes les classes qui souhaitent apprendre le violon en groupe.<\/p>\n<p><a href=\"https:\/\/dfgs-freiburg.de\/wp-content\/uploads\/2023\/09\/Flyer_2023-ATELIER-DE-VIOLON.pdf\" target=\"_blank\" rel=\"noopener\">Flyer_2023 ATELIER DE VIOLON<\/a><\/p>\n<p>&nbsp;<\/p>\n<h4>\u00c9checs<\/h4>\n<p>M. Doninger propose un atelier \u00e9checs, le jeudi, pour les classes de CE1, CE2, CM1, CM2.<\/p>\n<p><a href=\"https:\/\/dfgs-freiburg.de\/wp-content\/uploads\/2023\/09\/Schach-AG.pdf\" target=\"_blank\" rel=\"noopener\">Schach AG<\/a><\/p>\n<p>&nbsp;<\/p>\n<p>&nbsp;<\/p>\n","protected":false},"excerpt":{"rendered":"<p>Religion L&rsquo;enseignement religieux est propos\u00e9 le jeudi. Ce cours est optionnel et ouvert \u00e0 toutes les classes. &nbsp; Piano Le lundi, Monsieur Bu\u00dfmann propose un atelier de piano pour les \u00e9l\u00e8ves de CE1 et CE2. 2023 Handzettel DFG Din A6 &hellip; <\/p>\n","protected":false},"author":4,"featured_media":0,"parent":0,"menu_order":0,"comment_status":"closed","ping_status":"closed","template":"","meta":{"jetpack_post_was_ever_published":false,"footnotes":""},"class_list":["post-150","page","type-page","status-publish","hentry"],"jetpack-related-posts":[{"id":299,"url":"https:\/\/dfgs-freiburg.de\/?page_id=299&lang=fr","url_meta":{"origin":150,"position":0},"title":"Organisation","author":"Daniel Le Bras-Lerouge","date":"16. ao\u00fbt 2018","format":false,"excerpt":"La journ\u00e9e de votre enfant Que fait mon enfant ? Avec qui ? 8h00-8h10 Accueil dans la cour Enseignants CP CE1 CE2 CM1 CM2 8h10-9h40 Enseignements Enseignants 9h40-10h R\u00e9cr\u00e9ation 10h-11h30 Enseignements 11h30-11h50 R\u00e9cr\u00e9ation 11h50-13h20 Enseignements 13h20- Sortie Enseignants Periscolaire \u00a0 13h30-14h30 Cantine et r\u00e9cr\u00e9ation Educateurs SKB 14h30-15h30 Aide aux devoirs\u2026","rel":"","context":"Article similaire","block_context":{"text":"Article similaire","link":""},"img":{"alt_text":"","src":"","width":0,"height":0},"classes":[]},{"id":166,"url":"https:\/\/dfgs-freiburg.de\/?page_id=166&lang=fr","url_meta":{"origin":150,"position":1},"title":"Contact","author":"Catherine Bras-Henkes","date":"18. avril 2018","format":false,"excerpt":"Adresse \u00c9cole Primaire Franco-Allemande de Fribourg Belchenstr. 2 79115 Freiburg Allemagne Directrices: Madame Burghardt Madame Bras-Henkes T\u00e9l\u00e9phone: +49 761 476 2243 Fax: +49 761 476 5457 E-Mail: sekretariat.dfgsvn@freiburger-schulen.bwl.de L'acc\u00e8s \u00e0 l'\u00e9cole n'est possible que du c\u00f4t\u00e9 de la Uffhauserstra\u00dfe. Secr\u00e9tariat Secr\u00e9taire : Madame Moser Horaires d'ouverture : Lundi et jeudi\u2026","rel":"","context":"Article similaire","block_context":{"text":"Article similaire","link":""},"img":{"alt_text":"","src":"","width":0,"height":0},"classes":[]},{"id":71,"url":"https:\/\/dfgs-freiburg.de\/?page_id=71&lang=fr","url_meta":{"origin":150,"position":2},"title":"Fonctionnement","author":"Daniel Le Bras-Lerouge","date":"2. f\u00e9vrier 2018","format":false,"excerpt":"L'enseignement Cherchant \u00e0 former des enfants bilingues et biculturels, l'\u00e9cole a pour objectifs de pr\u00e9parer les \u00e9l\u00e8ves \u00e0 la section fran\u00e7aise du lyc\u00e9e franco-allemand de Fribourg. Au cours de leur scolarit\u00e9, ceux-ci seront de plus en plus int\u00e9gr\u00e9s avec des enfants de la section allemande. La scolarit\u00e9 dure 5 ans\u2026","rel":"","context":"Article similaire","block_context":{"text":"Article similaire","link":""},"img":{"alt_text":"","src":"https:\/\/i0.wp.com\/dfgs-freiburg.de\/wp-content\/uploads\/2018\/09\/frankreich.png?resize=350%2C200&ssl=1","width":350,"height":200},"classes":[]},{"id":20,"url":"https:\/\/dfgs-freiburg.de\/?page_id=20&lang=fr","url_meta":{"origin":150,"position":3},"title":"Notre \u00e9cole","author":"Daniel Le Bras-Lerouge","date":"29. octobre 2017","format":false,"excerpt":"L'\u00c9cole El\u00e9mentaire Franco-Allemande de Fribourg est un \u00e9tablissement primaire binational unique. Elle a \u00e9t\u00e9 fond\u00e9e en septembre 1992 par la signature d'une d\u00e9claration commune entre le ministre de l'\u00e9ducation du Land du Bade-Wurtemberg et l'Agence pour l'Enseignement Fran\u00e7ais \u00e0 l'Etranger (AEFE). Depuis, notre \u00e9cole accueille chaque ann\u00e9e environ 125 \u00e9l\u00e8ves\u2026","rel":"","context":"Article similaire","block_context":{"text":"Article similaire","link":""},"img":{"alt_text":"","src":"https:\/\/i0.wp.com\/dfgs-freiburg.de\/wp-content\/uploads\/2018\/08\/sommerfest2017.jpg?fit=1200%2C675&ssl=1&resize=350%2C200","width":350,"height":200,"srcset":"https:\/\/i0.wp.com\/dfgs-freiburg.de\/wp-content\/uploads\/2018\/08\/sommerfest2017.jpg?fit=1200%2C675&ssl=1&resize=350%2C200 1x, https:\/\/i0.wp.com\/dfgs-freiburg.de\/wp-content\/uploads\/2018\/08\/sommerfest2017.jpg?fit=1200%2C675&ssl=1&resize=525%2C300 1.5x, https:\/\/i0.wp.com\/dfgs-freiburg.de\/wp-content\/uploads\/2018\/08\/sommerfest2017.jpg?fit=1200%2C675&ssl=1&resize=700%2C400 2x, https:\/\/i0.wp.com\/dfgs-freiburg.de\/wp-content\/uploads\/2018\/08\/sommerfest2017.jpg?fit=1200%2C675&ssl=1&resize=1050%2C600 3x"},"classes":[]},{"id":739,"url":"https:\/\/dfgs-freiburg.de\/?page_id=739&lang=fr","url_meta":{"origin":150,"position":4},"title":"Schulsozialarbeit","author":"Daniel Le Bras-Lerouge","date":"21. f\u00e9vrier 2019","format":false,"excerpt":"Le travail social scolaire consiste en une aide propos\u00e9e \u00e0 tous les acteurs de la vie scolaire. Il contribue, de par l\u2019apport d\u2019une perspective et de comp\u00e9tences socio-p\u00e9dagogiques, \u00e0 faire de l\u2019\u00e9cole un lieu de vie et d\u2019apprentissage. Le but premier du travail social \u00e0 l\u2019\u00e9cole est de prendre encompte\u2026","rel":"","context":"Article similaire","block_context":{"text":"Article similaire","link":""},"img":{"alt_text":"","src":"https:\/\/i0.wp.com\/dfgs-freiburg.de\/wp-content\/uploads\/2019\/02\/ejh_f%C3%BCr-Fahne_1000dpi.jpg?fit=1200%2C800&ssl=1&resize=350%2C200","width":350,"height":200,"srcset":"https:\/\/i0.wp.com\/dfgs-freiburg.de\/wp-content\/uploads\/2019\/02\/ejh_f%C3%BCr-Fahne_1000dpi.jpg?fit=1200%2C800&ssl=1&resize=350%2C200 1x, https:\/\/i0.wp.com\/dfgs-freiburg.de\/wp-content\/uploads\/2019\/02\/ejh_f%C3%BCr-Fahne_1000dpi.jpg?fit=1200%2C800&ssl=1&resize=525%2C300 1.5x, https:\/\/i0.wp.com\/dfgs-freiburg.de\/wp-content\/uploads\/2019\/02\/ejh_f%C3%BCr-Fahne_1000dpi.jpg?fit=1200%2C800&ssl=1&resize=700%2C400 2x, https:\/\/i0.wp.com\/dfgs-freiburg.de\/wp-content\/uploads\/2019\/02\/ejh_f%C3%BCr-Fahne_1000dpi.jpg?fit=1200%2C800&ssl=1&resize=1050%2C600 3x"},"classes":[]},{"id":143,"url":"https:\/\/dfgs-freiburg.de\/?page_id=143&lang=fr","url_meta":{"origin":150,"position":5},"title":"Comit\u00e9 de parents","author":"Catherine Bras-Henkes","date":"18. avril 2018","format":false,"excerpt":"Pr\u00e9sident: Fabien Coydon Vice-pr\u00e9sidente: Annabelle von Kalckreuth Le comit\u00e9 de parents regroupe tous les repr\u00e9sentants de parents d\u2019\u00e9l\u00e8ves (2 par classe, soit 10 au total). Les repr\u00e9sentants de parents d\u2019\u00e9l\u00e8ves se font le relais des parents aupr\u00e8s de la direction et du corps enseignant pour aborder \u00e0 chaque conseil d\u2019\u00e9cole\u2026","rel":"","context":"Article similaire","block_context":{"text":"Article similaire","link":""},"img":{"alt_text":"","src":"","width":0,"height":0},"classes":[]}],"jetpack_shortlink":"https:\/\/wp.me\/P9kppB-2q","jetpack_sharing_enabled":true,"_links":{"self":[{"href":"https:\/\/dfgs-freiburg.de\/index.php?rest_route=\/wp\/v2\/pages\/150","targetHints":{"allow":["GET"]}}],"collection":[{"href":"https:\/\/dfgs-freiburg.de\/index.php?rest_route=\/wp\/v2\/pages"}],"about":[{"href":"https:\/\/dfgs-freiburg.de\/index.php?rest_route=\/wp\/v2\/types\/page"}],"author":[{"embeddable":true,"href":"https:\/\/dfgs-freiburg.de\/index.php?rest_route=\/wp\/v2\/users\/4"}],"replies":[{"embeddable":true,"href":"https:\/\/dfgs-freiburg.de\/index.php?rest_route=%2Fwp%2Fv2%2Fcomments&post=150"}],"version-history":[{"count":34,"href":"https:\/\/dfgs-freiburg.de\/index.php?rest_route=\/wp\/v2\/pages\/150\/revisions"}],"predecessor-version":[{"id":4356,"href":"https:\/\/dfgs-freiburg.de\/index.php?rest_route=\/wp\/v2\/pages\/150\/revisions\/4356"}],"wp:attachment":[{"href":"https:\/\/dfgs-freiburg.de\/index.php?rest_route=%2Fwp%2Fv2%2Fmedia&parent=150"}],"curies":[{"name":"wp","href":"https:\/\/api.w.org\/{rel}","templated":true}]}}

<h4>Religion</h4>
<p>L&rsquo;enseignement religieux est proposé le jeudi. Ce cours est optionnel et ouvert à toutes les classes.</p>
<p>&nbsp;</p>
<h4>Piano</h4>
<p>Le lundi, Monsieur Bußmann propose un atelier de piano pour les élèves de CE1 et CE2.</p>
<p><a href="https://dfgs-freiburg.de/wp-content/uploads/2023/09/2023-Handzettel-DFG-Din-A6-1.0.pdf" target="_blank" rel="noopener">2023 Handzettel DFG Din A6 1.0</a> <a href="https://dfgs-freiburg.de/wp-content/uploads/2023/09/Klavierkurs_DFGS.pdf" target="_blank" rel="noopener">Klavierkurs_DFGS</a></p>
<h4></h4>
<h4>Couture</h4>
<p>Le lundi, Madame Chenna propose un atelier couture.</p>
<p><a href="https://dfgs-freiburg.de/wp-content/uploads/2023/09/arbre-a-boutons.pdf" target="_blank" rel="noopener">arbre a boutons</a></p>
<p>&nbsp;</p>
<h4>Atelier de créativité</h4>
<p>Madame Frilay propose un atelier artistique le mercredi pour les classes de CP et CE1.</p>
<p><a href="https://dfgs-freiburg.de/wp-content/uploads/2023/09/Laurence-Atelier-Ecole-elementaire-2023.pdf" target="_blank" rel="noopener">Laurence Atelier Ecole elementaire 2023</a></p>
<h4></h4>
<h4>Violon</h4>
<p>L&rsquo;atelier violon est proposé  par Matias Pérez, musicien professionnel.</p>
<p>Il s&rsquo;adresse aux élèves de toutes les classes qui souhaitent apprendre le violon en groupe.</p>
<p><a href="https://dfgs-freiburg.de/wp-content/uploads/2023/09/Flyer_2023-ATELIER-DE-VIOLON.pdf" target="_blank" rel="noopener">Flyer_2023 ATELIER DE VIOLON</a></p>
<p>&nbsp;</p>
<h4>Échecs</h4>
<p>M. Doninger propose un atelier échecs, le jeudi, pour les classes de CE1, CE2, CM1, CM2.</p>
<p><a href="https://dfgs-freiburg.de/wp-content/uploads/2023/09/Schach-AG.pdf" target="_blank" rel="noopener">Schach AG</a></p>
<p>&nbsp;</p>
<p>&nbsp;</p>

<p>Religion L&rsquo;enseignement religieux est proposé le jeudi. Ce cours est optionnel et ouvert à toutes les classes. &nbsp; Piano Le lundi, Monsieur Bußmann propose un atelier de piano pour les élèves de CE1 et CE2. 2023 Handzettel DFG Din A6 &hellip; </p>

16. août 2018

La journée de votre enfant Que fait mon enfant ? Avec qui ? 8h00-8h10 Accueil dans la cour Enseignants CP CE1 CE2 CM1 CM2 8h10-9h40 Enseignements Enseignants 9h40-10h Récréation 10h-11h30 Enseignements 11h30-11h50 Récréation 11h50-13h20 Enseignements 13h20- Sortie Enseignants Periscolaire   13h30-14h30 Cantine et récréation Educateurs SKB 14h30-15h30 Aide aux devoirs…

Adresse École Primaire Franco-Allemande de Fribourg Belchenstr. 2 79115 Freiburg Allemagne Directrices: Madame Burghardt Madame Bras-Henkes Téléphone: +49 761 476 2243 Fax: +49 761 476 5457 E-Mail: sekretariat.dfgsvn@freiburger-schulen.bwl.de L'accès à l'école n'est possible que du côté de la Uffhauserstraße. Secrétariat Secrétaire : Madame Moser Horaires d'ouverture : Lundi et jeudi…

2. février 2018

L'enseignement Cherchant à former des enfants bilingues et biculturels, l'école a pour objectifs de préparer les élèves à la section française du lycée franco-allemand de Fribourg. Au cours de leur scolarité, ceux-ci seront de plus en plus intégrés avec des enfants de la section allemande. La scolarité dure 5 ans…

Notre école

L'École Elémentaire Franco-Allemande de Fribourg est un établissement primaire binational unique. Elle a été fondée en septembre 1992 par la signature d'une déclaration commune entre le ministre de l'éducation du Land du Bade-Wurtemberg et l'Agence pour l'Enseignement Français à l'Etranger (AEFE). Depuis, notre école accueille chaque année environ 125 élèves…

21. février 2019

Le travail social scolaire consiste en une aide proposée à tous les acteurs de la vie scolaire. Il contribue, de par l’apport d’une perspective et de compétences socio-pédagogiques, à faire de l’école un lieu de vie et d’apprentissage. Le but premier du travail social à l’école est de prendre encompte…

Comité de parents

Président: Fabien Coydon Vice-présidente: Annabelle von Kalckreuth Le comité de parents regroupe tous les représentants de parents d’élèves (2 par classe, soit 10 au total). Les représentants de parents d’élèves se font le relais des parents auprès de la direction et du corps enseignant pour aborder à chaque conseil d’école…
