{"id":145,"date":"2018-04-18T14:31:53","date_gmt":"2018-04-18T12:31:53","guid":{"rendered":"https:\/\/dfgs-freiburg.de\/?page_id=145"},"modified":"2019-06-04T21:39:30","modified_gmt":"2019-06-04T19:39:30","slug":"comite-de-soutien-ecole-92","status":"publish","type":"page","link":"https:\/\/dfgs-freiburg.de\/?page_id=145&lang=fr","title":{"rendered":"Comit\u00e9 de soutien Ecole 92"},"content":{"rendered":"<p>Le comit\u00e9 de soutien de l&rsquo;\u00e9cole primaire se compose des membres du bureau de l&rsquo;association <a href=\"https:\/\/ecole92.net\/?page_id=1299\" target=\"_blank\" rel=\"noopener noreferrer\">\u00e9cole 92 e.V<\/a>. L&rsquo;association soutient et subventionne les activit\u00e9s culturelles \u00e0 l&rsquo;\u00e9cole primaire depuis sa cr\u00e9ation en 1992. Pour plus de d\u00e9tails concernant l&rsquo;historique de l&rsquo;association, <a href=\"https:\/\/ecole92.net\/?page_id=160\" target=\"_blank\" rel=\"noopener noreferrer\">cliquez ici<\/a>. L&rsquo;association supporte notamment les \u00e9tablissements de cr\u00e8che et de maternelle franco-allemands voisins.<\/p>\n<p>A l&rsquo;\u00e9cole primaire, l&rsquo;association est impliqu\u00e9e dans de nombreuses activit\u00e9s qui rendent la vie en communaut\u00e9 biculturelle plus belle et diversifi\u00e9e.\u00a0Les trois \u00e9v\u00e9nements majeurs de l&rsquo;ann\u00e9e scolaire, auxquels le comit\u00e9 de soutien contribue de mani\u00e8re significative, sont l&rsquo;excursion extrascolaire pour toutes les classes, qui a g\u00e9n\u00e9ralement lieu au printemps, ainsi que les deux grandes f\u00eates &#8211; la f\u00eate des livres et la f\u00eate d&rsquo;\u00e9t\u00e9. Cette derni\u00e8re est c\u00e9l\u00e9br\u00e9e tous les deux ans avec l&rsquo;\u00e9cole maternelle. Les autres ann\u00e9es, chacune des deux institutions organise sa propre f\u00eate individuellement.<\/p>\n<p>Autrement, le comit\u00e9 de soutien participe l\u00e0 o\u00f9 il le peut, toutes ses actions ne sont pas forc\u00e9ment visibles. Il s&rsquo;agit parfois de subventions financi\u00e8res pour des classes vertes, d&rsquo;aide \u00e0 l&rsquo;installation lors d&rsquo;\u00e9v\u00e9nements, ou encore la cr\u00e9ation et l&rsquo;entretien de ce site web.<\/p>\n<h4>Devenir membre<\/h4>\n<p>Vous aimeriez soutenir les activit\u00e9s du comit\u00e9 de soutien ? Alors <a href=\"https:\/\/ecole92.net\/wp-content\/uploads\/2018\/02\/Mitgliedsantrag_de.pdf\" target=\"_blank\" rel=\"noopener noreferrer\">devenez membre<\/a> &#8211; La cotisation minimum de 25\u20ac\/an nous aide d\u00e9j\u00e0 beaucoup. Chaque euro b\u00e9n\u00e9ficiera aux enfants !<\/p>\n","protected":false},"excerpt":{"rendered":"<p>Le comit\u00e9 de soutien de l&rsquo;\u00e9cole primaire se compose des membres du bureau de l&rsquo;association \u00e9cole 92 e.V. L&rsquo;association soutient et subventionne les activit\u00e9s culturelles \u00e0 l&rsquo;\u00e9cole primaire depuis sa cr\u00e9ation en 1992. Pour plus de d\u00e9tails concernant l&rsquo;historique de &hellip; <\/p>\n","protected":false},"author":4,"featured_media":0,"parent":135,"menu_order":0,"comment_status":"closed","ping_status":"closed","template":"","meta":{"jetpack_post_was_ever_published":false,"footnotes":""},"class_list":["post-145","page","type-page","status-publish","hentry"],"jetpack-related-posts":[{"id":143,"url":"https:\/\/dfgs-freiburg.de\/?page_id=143&lang=fr","url_meta":{"origin":145,"position":0},"title":"Comit\u00e9 de parents","author":"Catherine Bras-Henkes","date":"18. avril 2018","format":false,"excerpt":"Pr\u00e9sident: Fabien Coydon Vice-pr\u00e9sidente: Annabelle von Kalckreuth Le comit\u00e9 de parents regroupe tous les repr\u00e9sentants de parents d\u2019\u00e9l\u00e8ves (2 par classe, soit 10 au total). Les repr\u00e9sentants de parents d\u2019\u00e9l\u00e8ves se font le relais des parents aupr\u00e8s de la direction et du corps enseignant pour aborder \u00e0 chaque conseil d\u2019\u00e9cole\u2026","rel":"","context":"Article similaire","block_context":{"text":"Article similaire","link":""},"img":{"alt_text":"","src":"","width":0,"height":0},"classes":[]},{"id":20,"url":"https:\/\/dfgs-freiburg.de\/?page_id=20&lang=fr","url_meta":{"origin":145,"position":1},"title":"Notre \u00e9cole","author":"Daniel Le Bras-Lerouge","date":"29. octobre 2017","format":false,"excerpt":"L'\u00c9cole El\u00e9mentaire Franco-Allemande de Fribourg est un \u00e9tablissement primaire binational unique. Elle a \u00e9t\u00e9 fond\u00e9e en septembre 1992 par la signature d'une d\u00e9claration commune entre le ministre de l'\u00e9ducation du Land du Bade-Wurtemberg et l'Agence pour l'Enseignement Fran\u00e7ais \u00e0 l'Etranger (AEFE). Depuis, notre \u00e9cole accueille chaque ann\u00e9e environ 125 \u00e9l\u00e8ves\u2026","rel":"","context":"Article similaire","block_context":{"text":"Article similaire","link":""},"img":{"alt_text":"","src":"https:\/\/i0.wp.com\/dfgs-freiburg.de\/wp-content\/uploads\/2018\/08\/sommerfest2017.jpg?fit=1200%2C675&ssl=1&resize=350%2C200","width":350,"height":200,"srcset":"https:\/\/i0.wp.com\/dfgs-freiburg.de\/wp-content\/uploads\/2018\/08\/sommerfest2017.jpg?fit=1200%2C675&ssl=1&resize=350%2C200 1x, https:\/\/i0.wp.com\/dfgs-freiburg.de\/wp-content\/uploads\/2018\/08\/sommerfest2017.jpg?fit=1200%2C675&ssl=1&resize=525%2C300 1.5x, https:\/\/i0.wp.com\/dfgs-freiburg.de\/wp-content\/uploads\/2018\/08\/sommerfest2017.jpg?fit=1200%2C675&ssl=1&resize=700%2C400 2x, https:\/\/i0.wp.com\/dfgs-freiburg.de\/wp-content\/uploads\/2018\/08\/sommerfest2017.jpg?fit=1200%2C675&ssl=1&resize=1050%2C600 3x"},"classes":[]},{"id":161,"url":"https:\/\/dfgs-freiburg.de\/?page_id=161&lang=fr","url_meta":{"origin":145,"position":2},"title":"Garderie","author":"Catherine Bras-Henkes","date":"18. avril 2018","format":false,"excerpt":"Le p\u00e9riscolaire \u00e0 l\u2019Ecole Primaire Franco-Allemande Depuis l\u2019ann\u00e9e scolaire 2020\/21, le p\u00e9riscolaire \u00e0 l\u2019Ecole Primaire Franco-Allemande fonctionne selon le concept de la ville de Freiburg. Celle-ci a introduit le p\u00e9riscolaire en tant que service volontaire selon l\u2019article 2 de la charte de la commune. L\u2019Evangelische Jugendhilfe Freiburg-Z\u00e4hringen en est responsable\u2026","rel":"","context":"Article similaire","block_context":{"text":"Article similaire","link":""},"img":{"alt_text":"","src":"","width":0,"height":0},"classes":[]},{"id":166,"url":"https:\/\/dfgs-freiburg.de\/?page_id=166&lang=fr","url_meta":{"origin":145,"position":3},"title":"Contact","author":"Catherine Bras-Henkes","date":"18. avril 2018","format":false,"excerpt":"Adresse \u00c9cole Primaire Franco-Allemande de Fribourg Belchenstr. 2 79115 Freiburg Allemagne Directrices: Madame Burghardt Madame Bras-Henkes T\u00e9l\u00e9phone: +49 761 476 2243 Fax: +49 761 476 5457 E-Mail: sekretariat.dfgsvn@freiburger-schulen.bwl.de L'acc\u00e8s \u00e0 l'\u00e9cole n'est possible que du c\u00f4t\u00e9 de la Uffhauserstra\u00dfe. Secr\u00e9tariat Secr\u00e9taire : Madame Moser Horaires d'ouverture : Lundi et jeudi\u2026","rel":"","context":"Article similaire","block_context":{"text":"Article similaire","link":""},"img":{"alt_text":"","src":"","width":0,"height":0},"classes":[]},{"id":299,"url":"https:\/\/dfgs-freiburg.de\/?page_id=299&lang=fr","url_meta":{"origin":145,"position":4},"title":"Organisation","author":"Daniel Le Bras-Lerouge","date":"16. ao\u00fbt 2018","format":false,"excerpt":"La journ\u00e9e de votre enfant Que fait mon enfant ? Avec qui ? 8h00-8h10 Accueil dans la cour Enseignants CP CE1 CE2 CM1 CM2 8h10-9h40 Enseignements Enseignants 9h40-10h R\u00e9cr\u00e9ation 10h-11h30 Enseignements 11h30-11h50 R\u00e9cr\u00e9ation 11h50-13h20 Enseignements 13h20- Sortie Enseignants Periscolaire \u00a0 13h30-14h30 Cantine et r\u00e9cr\u00e9ation Educateurs SKB 14h30-15h30 Aide aux devoirs\u2026","rel":"","context":"Article similaire","block_context":{"text":"Article similaire","link":""},"img":{"alt_text":"","src":"","width":0,"height":0},"classes":[]},{"id":739,"url":"https:\/\/dfgs-freiburg.de\/?page_id=739&lang=fr","url_meta":{"origin":145,"position":5},"title":"Schulsozialarbeit","author":"Daniel Le Bras-Lerouge","date":"21. f\u00e9vrier 2019","format":false,"excerpt":"Le travail social scolaire consiste en une aide propos\u00e9e \u00e0 tous les acteurs de la vie scolaire. Il contribue, de par l\u2019apport d\u2019une perspective et de comp\u00e9tences socio-p\u00e9dagogiques, \u00e0 faire de l\u2019\u00e9cole un lieu de vie et d\u2019apprentissage. Le but premier du travail social \u00e0 l\u2019\u00e9cole est de prendre encompte\u2026","rel":"","context":"Article similaire","block_context":{"text":"Article similaire","link":""},"img":{"alt_text":"","src":"https:\/\/i0.wp.com\/dfgs-freiburg.de\/wp-content\/uploads\/2019\/02\/ejh_f%C3%BCr-Fahne_1000dpi.jpg?fit=1200%2C800&ssl=1&resize=350%2C200","width":350,"height":200,"srcset":"https:\/\/i0.wp.com\/dfgs-freiburg.de\/wp-content\/uploads\/2019\/02\/ejh_f%C3%BCr-Fahne_1000dpi.jpg?fit=1200%2C800&ssl=1&resize=350%2C200 1x, https:\/\/i0.wp.com\/dfgs-freiburg.de\/wp-content\/uploads\/2019\/02\/ejh_f%C3%BCr-Fahne_1000dpi.jpg?fit=1200%2C800&ssl=1&resize=525%2C300 1.5x, https:\/\/i0.wp.com\/dfgs-freiburg.de\/wp-content\/uploads\/2019\/02\/ejh_f%C3%BCr-Fahne_1000dpi.jpg?fit=1200%2C800&ssl=1&resize=700%2C400 2x, https:\/\/i0.wp.com\/dfgs-freiburg.de\/wp-content\/uploads\/2019\/02\/ejh_f%C3%BCr-Fahne_1000dpi.jpg?fit=1200%2C800&ssl=1&resize=1050%2C600 3x"},"classes":[]}],"jetpack_shortlink":"https:\/\/wp.me\/P9kppB-2l","jetpack_sharing_enabled":true,"_links":{"self":[{"href":"https:\/\/dfgs-freiburg.de\/index.php?rest_route=\/wp\/v2\/pages\/145","targetHints":{"allow":["GET"]}}],"collection":[{"href":"https:\/\/dfgs-freiburg.de\/index.php?rest_route=\/wp\/v2\/pages"}],"about":[{"href":"https:\/\/dfgs-freiburg.de\/index.php?rest_route=\/wp\/v2\/types\/page"}],"author":[{"embeddable":true,"href":"https:\/\/dfgs-freiburg.de\/index.php?rest_route=\/wp\/v2\/users\/4"}],"replies":[{"embeddable":true,"href":"https:\/\/dfgs-freiburg.de\/index.php?rest_route=%2Fwp%2Fv2%2Fcomments&post=145"}],"version-history":[{"count":10,"href":"https:\/\/dfgs-freiburg.de\/index.php?rest_route=\/wp\/v2\/pages\/145\/revisions"}],"predecessor-version":[{"id":925,"href":"https:\/\/dfgs-freiburg.de\/index.php?rest_route=\/wp\/v2\/pages\/145\/revisions\/925"}],"up":[{"embeddable":true,"href":"https:\/\/dfgs-freiburg.de\/index.php?rest_route=\/wp\/v2\/pages\/135"}],"wp:attachment":[{"href":"https:\/\/dfgs-freiburg.de\/index.php?rest_route=%2Fwp%2Fv2%2Fmedia&parent=145"}],"curies":[{"name":"wp","href":"https:\/\/api.w.org\/{rel}","templated":true}]}}

Comité de soutien Ecole 92

<p>Le comité de soutien de l&rsquo;école primaire se compose des membres du bureau de l&rsquo;association <a href="https://ecole92.net/?page_id=1299" target="_blank" rel="noopener noreferrer">école 92 e.V</a>. L&rsquo;association soutient et subventionne les activités culturelles à l&rsquo;école primaire depuis sa création en 1992. Pour plus de détails concernant l&rsquo;historique de l&rsquo;association, <a href="https://ecole92.net/?page_id=160" target="_blank" rel="noopener noreferrer">cliquez ici</a>. L&rsquo;association supporte notamment les établissements de crèche et de maternelle franco-allemands voisins.</p>
<p>A l&rsquo;école primaire, l&rsquo;association est impliquée dans de nombreuses activités qui rendent la vie en communauté biculturelle plus belle et diversifiée. Les trois événements majeurs de l&rsquo;année scolaire, auxquels le comité de soutien contribue de manière significative, sont l&rsquo;excursion extrascolaire pour toutes les classes, qui a généralement lieu au printemps, ainsi que les deux grandes fêtes &#8211; la fête des livres et la fête d&rsquo;été. Cette dernière est célébrée tous les deux ans avec l&rsquo;école maternelle. Les autres années, chacune des deux institutions organise sa propre fête individuellement.</p>
<p>Autrement, le comité de soutien participe là où il le peut, toutes ses actions ne sont pas forcément visibles. Il s&rsquo;agit parfois de subventions financières pour des classes vertes, d&rsquo;aide à l&rsquo;installation lors d&rsquo;événements, ou encore la création et l&rsquo;entretien de ce site web.</p>
<h4>Devenir membre</h4>
<p>Vous aimeriez soutenir les activités du comité de soutien ? Alors <a href="https://ecole92.net/wp-content/uploads/2018/02/Mitgliedsantrag_de.pdf" target="_blank" rel="noopener noreferrer">devenez membre</a> &#8211; La cotisation minimum de 25€/an nous aide déjà beaucoup. Chaque euro bénéficiera aux enfants !</p>

<p>Le comité de soutien de l&rsquo;école primaire se compose des membres du bureau de l&rsquo;association école 92 e.V. L&rsquo;association soutient et subventionne les activités culturelles à l&rsquo;école primaire depuis sa création en 1992. Pour plus de détails concernant l&rsquo;historique de &hellip; </p>

Comité de parents

Président: Fabien Coydon Vice-présidente: Annabelle von Kalckreuth Le comité de parents regroupe tous les représentants de parents d’élèves (2 par classe, soit 10 au total). Les représentants de parents d’élèves se font le relais des parents auprès de la direction et du corps enseignant pour aborder à chaque conseil d’école…

Notre école

L'École Elémentaire Franco-Allemande de Fribourg est un établissement primaire binational unique. Elle a été fondée en septembre 1992 par la signature d'une déclaration commune entre le ministre de l'éducation du Land du Bade-Wurtemberg et l'Agence pour l'Enseignement Français à l'Etranger (AEFE). Depuis, notre école accueille chaque année environ 125 élèves…

Le périscolaire à l’Ecole Primaire Franco-Allemande Depuis l’année scolaire 2020/21, le périscolaire à l’Ecole Primaire Franco-Allemande fonctionne selon le concept de la ville de Freiburg. Celle-ci a introduit le périscolaire en tant que service volontaire selon l’article 2 de la charte de la commune. L’Evangelische Jugendhilfe Freiburg-Zähringen en est responsable…

Adresse École Primaire Franco-Allemande de Fribourg Belchenstr. 2 79115 Freiburg Allemagne Directrices: Madame Burghardt Madame Bras-Henkes Téléphone: +49 761 476 2243 Fax: +49 761 476 5457 E-Mail: sekretariat.dfgsvn@freiburger-schulen.bwl.de L'accès à l'école n'est possible que du côté de la Uffhauserstraße. Secrétariat Secrétaire : Madame Moser Horaires d'ouverture : Lundi et jeudi…

16. août 2018

La journée de votre enfant Que fait mon enfant ? Avec qui ? 8h00-8h10 Accueil dans la cour Enseignants CP CE1 CE2 CM1 CM2 8h10-9h40 Enseignements Enseignants 9h40-10h Récréation 10h-11h30 Enseignements 11h30-11h50 Récréation 11h50-13h20 Enseignements 13h20- Sortie Enseignants Periscolaire   13h30-14h30 Cantine et récréation Educateurs SKB 14h30-15h30 Aide aux devoirs…

21. février 2019

Le travail social scolaire consiste en une aide proposée à tous les acteurs de la vie scolaire. Il contribue, de par l’apport d’une perspective et de compétences socio-pédagogiques, à faire de l’école un lieu de vie et d’apprentissage. Le but premier du travail social à l’école est de prendre encompte…
