{"id":132,"date":"2018-04-18T12:27:13","date_gmt":"2018-04-18T10:27:13","guid":{"rendered":"https:\/\/dfgs-freiburg.de\/?page_id=132"},"modified":"2024-03-12T19:50:53","modified_gmt":"2024-03-12T18:50:53","slug":"inscription","status":"publish","type":"page","link":"https:\/\/dfgs-freiburg.de\/?page_id=132&lang=fr","title":{"rendered":"Inscription"},"content":{"rendered":"<h4>Comment inscrire son enfant ?<\/h4>\n<p>Les inscriptions se font en fonction des places disponibles. Les familles admises re\u00e7oivent une r\u00e9ponse \u00e9crite leur confirmant leur admission.<\/p>\n<p>Pour qu&rsquo;un enfant puisse \u00eatre admis, sa famille doit r\u00e9sider en Allemagne, \u00e0 Fribourg ou dans les environs.<\/p>\n<h4>Admission en CP<\/h4>\n<p>Les \u00e9l\u00e8ves de l&rsquo;\u00e9cole maternelle franco-allemande sont admis en priorit\u00e9, puis ceux qui ont fr\u00e9quent\u00e9 une \u00e9cole maternelle en France ou dans le r\u00e9seau AEFE.<\/p>\n<p>Les enfants issus de jardins d&rsquo;enfants allemands peuvent \u00eatre admis,\u00a0ils doivent simplement passer un test pour v\u00e9rifier leur niveau de fran\u00e7ais.<\/p>\n<p>Pour demander une inscription, veuillez remplir le formulaire et nous le faire parvenir accompagn\u00e9 des pi\u00e8ces jointes demand\u00e9es.<\/p>\n<div><\/div>\n<div><a href=\"https:\/\/dfgs-freiburg.de\/wp-content\/uploads\/2024\/03\/Aufnahmeantrag.pdf\">Demande d&rsquo;admission<\/a><\/div>\n<div><\/div>\n<div><\/div>\n","protected":false},"excerpt":{"rendered":"<p>Comment inscrire son enfant ? Les inscriptions se font en fonction des places disponibles. Les familles admises re\u00e7oivent une r\u00e9ponse \u00e9crite leur confirmant leur admission. Pour qu&rsquo;un enfant puisse \u00eatre admis, sa famille doit r\u00e9sider en Allemagne, \u00e0 Fribourg ou &hellip; <\/p>\n","protected":false},"author":1,"featured_media":0,"parent":0,"menu_order":0,"comment_status":"closed","ping_status":"closed","template":"","meta":{"jetpack_post_was_ever_published":false,"footnotes":""},"class_list":["post-132","page","type-page","status-publish","hentry"],"jetpack-related-posts":[{"id":20,"url":"https:\/\/dfgs-freiburg.de\/?page_id=20&lang=fr","url_meta":{"origin":132,"position":0},"title":"Notre \u00e9cole","author":"Daniel Le Bras-Lerouge","date":"29. octobre 2017","format":false,"excerpt":"L'\u00c9cole El\u00e9mentaire Franco-Allemande de Fribourg est un \u00e9tablissement primaire binational unique. Elle a \u00e9t\u00e9 fond\u00e9e en septembre 1992 par la signature d'une d\u00e9claration commune entre le ministre de l'\u00e9ducation du Land du Bade-Wurtemberg et l'Agence pour l'Enseignement Fran\u00e7ais \u00e0 l'Etranger (AEFE). Depuis, notre \u00e9cole accueille chaque ann\u00e9e environ 125 \u00e9l\u00e8ves\u2026","rel":"","context":"Article similaire","block_context":{"text":"Article similaire","link":""},"img":{"alt_text":"","src":"https:\/\/i0.wp.com\/dfgs-freiburg.de\/wp-content\/uploads\/2018\/08\/sommerfest2017.jpg?fit=1200%2C675&ssl=1&resize=350%2C200","width":350,"height":200,"srcset":"https:\/\/i0.wp.com\/dfgs-freiburg.de\/wp-content\/uploads\/2018\/08\/sommerfest2017.jpg?fit=1200%2C675&ssl=1&resize=350%2C200 1x, https:\/\/i0.wp.com\/dfgs-freiburg.de\/wp-content\/uploads\/2018\/08\/sommerfest2017.jpg?fit=1200%2C675&ssl=1&resize=525%2C300 1.5x, https:\/\/i0.wp.com\/dfgs-freiburg.de\/wp-content\/uploads\/2018\/08\/sommerfest2017.jpg?fit=1200%2C675&ssl=1&resize=700%2C400 2x, https:\/\/i0.wp.com\/dfgs-freiburg.de\/wp-content\/uploads\/2018\/08\/sommerfest2017.jpg?fit=1200%2C675&ssl=1&resize=1050%2C600 3x"},"classes":[]},{"id":161,"url":"https:\/\/dfgs-freiburg.de\/?page_id=161&lang=fr","url_meta":{"origin":132,"position":1},"title":"Garderie","author":"Catherine Bras-Henkes","date":"18. avril 2018","format":false,"excerpt":"Le p\u00e9riscolaire \u00e0 l\u2019Ecole Primaire Franco-Allemande Depuis l\u2019ann\u00e9e scolaire 2020\/21, le p\u00e9riscolaire \u00e0 l\u2019Ecole Primaire Franco-Allemande fonctionne selon le concept de la ville de Freiburg. Celle-ci a introduit le p\u00e9riscolaire en tant que service volontaire selon l\u2019article 2 de la charte de la commune. L\u2019Evangelische Jugendhilfe Freiburg-Z\u00e4hringen en est responsable\u2026","rel":"","context":"Article similaire","block_context":{"text":"Article similaire","link":""},"img":{"alt_text":"","src":"","width":0,"height":0},"classes":[]},{"id":145,"url":"https:\/\/dfgs-freiburg.de\/?page_id=145&lang=fr","url_meta":{"origin":132,"position":2},"title":"Comit\u00e9 de soutien Ecole 92","author":"Catherine Bras-Henkes","date":"18. avril 2018","format":false,"excerpt":"Le comit\u00e9 de soutien de l'\u00e9cole primaire se compose des membres du bureau de l'association \u00e9cole 92 e.V. L'association soutient et subventionne les activit\u00e9s culturelles \u00e0 l'\u00e9cole primaire depuis sa cr\u00e9ation en 1992. Pour plus de d\u00e9tails concernant l'historique de l'association, cliquez ici. L'association supporte notamment les \u00e9tablissements de cr\u00e8che\u2026","rel":"","context":"Article similaire","block_context":{"text":"Article similaire","link":""},"img":{"alt_text":"","src":"","width":0,"height":0},"classes":[]},{"id":152,"url":"https:\/\/dfgs-freiburg.de\/?page_id=152&lang=fr","url_meta":{"origin":132,"position":3},"title":"Liens","author":"Catherine Bras-Henkes","date":"18. avril 2018","format":false,"excerpt":"L'Agence pour l'enseignement fran\u00e7ais \u00e0 l'\u00e9tranger La cr\u00e8che et l'\u00e9cole maternelle franco-allemande \u00e0 Fribourg Le lyc\u00e9e franco-allemand \u00e0 Fribourg","rel":"","context":"Article similaire","block_context":{"text":"Article similaire","link":""},"img":{"alt_text":"","src":"","width":0,"height":0},"classes":[]},{"id":71,"url":"https:\/\/dfgs-freiburg.de\/?page_id=71&lang=fr","url_meta":{"origin":132,"position":4},"title":"Fonctionnement","author":"Daniel Le Bras-Lerouge","date":"2. f\u00e9vrier 2018","format":false,"excerpt":"L'enseignement Cherchant \u00e0 former des enfants bilingues et biculturels, l'\u00e9cole a pour objectifs de pr\u00e9parer les \u00e9l\u00e8ves \u00e0 la section fran\u00e7aise du lyc\u00e9e franco-allemand de Fribourg. Au cours de leur scolarit\u00e9, ceux-ci seront de plus en plus int\u00e9gr\u00e9s avec des enfants de la section allemande. La scolarit\u00e9 dure 5 ans\u2026","rel":"","context":"Article similaire","block_context":{"text":"Article similaire","link":""},"img":{"alt_text":"","src":"https:\/\/i0.wp.com\/dfgs-freiburg.de\/wp-content\/uploads\/2018\/09\/frankreich.png?resize=350%2C200&ssl=1","width":350,"height":200},"classes":[]},{"id":23,"url":"https:\/\/dfgs-freiburg.de\/?page_id=23&lang=fr","url_meta":{"origin":132,"position":5},"title":"Bienvenue","author":"Daniel Le Bras-Lerouge","date":"29. octobre 2017","format":false,"excerpt":"Bienvenue sur le site de l'\u00e9cole \u00e9l\u00e9mentaire franco-allemande de Fribourg","rel":"","context":"Article similaire","block_context":{"text":"Article similaire","link":""},"img":{"alt_text":"","src":"","width":0,"height":0},"classes":[]}],"jetpack_shortlink":"https:\/\/wp.me\/P9kppB-28","jetpack_sharing_enabled":true,"_links":{"self":[{"href":"https:\/\/dfgs-freiburg.de\/index.php?rest_route=\/wp\/v2\/pages\/132","targetHints":{"allow":["GET"]}}],"collection":[{"href":"https:\/\/dfgs-freiburg.de\/index.php?rest_route=\/wp\/v2\/pages"}],"about":[{"href":"https:\/\/dfgs-freiburg.de\/index.php?rest_route=\/wp\/v2\/types\/page"}],"author":[{"embeddable":true,"href":"https:\/\/dfgs-freiburg.de\/index.php?rest_route=\/wp\/v2\/users\/1"}],"replies":[{"embeddable":true,"href":"https:\/\/dfgs-freiburg.de\/index.php?rest_route=%2Fwp%2Fv2%2Fcomments&post=132"}],"version-history":[{"count":22,"href":"https:\/\/dfgs-freiburg.de\/index.php?rest_route=\/wp\/v2\/pages\/132\/revisions"}],"predecessor-version":[{"id":4417,"href":"https:\/\/dfgs-freiburg.de\/index.php?rest_route=\/wp\/v2\/pages\/132\/revisions\/4417"}],"wp:attachment":[{"href":"https:\/\/dfgs-freiburg.de\/index.php?rest_route=%2Fwp%2Fv2%2Fmedia&parent=132"}],"curies":[{"name":"wp","href":"https:\/\/api.w.org\/{rel}","templated":true}]}}

<h4>Comment inscrire son enfant ?</h4>
<p>Les inscriptions se font en fonction des places disponibles. Les familles admises reçoivent une réponse écrite leur confirmant leur admission.</p>
<p>Pour qu&rsquo;un enfant puisse être admis, sa famille doit résider en Allemagne, à Fribourg ou dans les environs.</p>
<h4>Admission en CP</h4>
<p>Les élèves de l&rsquo;école maternelle franco-allemande sont admis en priorité, puis ceux qui ont fréquenté une école maternelle en France ou dans le réseau AEFE.</p>
<p>Les enfants issus de jardins d&rsquo;enfants allemands peuvent être admis, ils doivent simplement passer un test pour vérifier leur niveau de français.</p>
<p>Pour demander une inscription, veuillez remplir le formulaire et nous le faire parvenir accompagné des pièces jointes demandées.</p>
<div></div>
<div><a href="https://dfgs-freiburg.de/wp-content/uploads/2024/03/Aufnahmeantrag.pdf">Demande d&rsquo;admission</a></div>
<div></div>
<div></div>

<p>Comment inscrire son enfant ? Les inscriptions se font en fonction des places disponibles. Les familles admises reçoivent une réponse écrite leur confirmant leur admission. Pour qu&rsquo;un enfant puisse être admis, sa famille doit résider en Allemagne, à Fribourg ou &hellip; </p>

Notre école

L'École Elémentaire Franco-Allemande de Fribourg est un établissement primaire binational unique. Elle a été fondée en septembre 1992 par la signature d'une déclaration commune entre le ministre de l'éducation du Land du Bade-Wurtemberg et l'Agence pour l'Enseignement Français à l'Etranger (AEFE). Depuis, notre école accueille chaque année environ 125 élèves…

Le périscolaire à l’Ecole Primaire Franco-Allemande Depuis l’année scolaire 2020/21, le périscolaire à l’Ecole Primaire Franco-Allemande fonctionne selon le concept de la ville de Freiburg. Celle-ci a introduit le périscolaire en tant que service volontaire selon l’article 2 de la charte de la commune. L’Evangelische Jugendhilfe Freiburg-Zähringen en est responsable…

Comité de soutien Ecole 92

Le comité de soutien de l'école primaire se compose des membres du bureau de l'association école 92 e.V. L'association soutient et subventionne les activités culturelles à l'école primaire depuis sa création en 1992. Pour plus de détails concernant l'historique de l'association, cliquez ici. L'association supporte notamment les établissements de crèche…

L'Agence pour l'enseignement français à l'étranger La crèche et l'école maternelle franco-allemande à Fribourg Le lycée franco-allemand à Fribourg

2. février 2018

L'enseignement Cherchant à former des enfants bilingues et biculturels, l'école a pour objectifs de préparer les élèves à la section française du lycée franco-allemand de Fribourg. Au cours de leur scolarité, ceux-ci seront de plus en plus intégrés avec des enfants de la section allemande. La scolarité dure 5 ans…

Bienvenue sur le site de l'école élémentaire franco-allemande de Fribourg
