{"id":123,"date":"2018-03-21T10:15:19","date_gmt":"2018-03-21T09:15:19","guid":{"rendered":"https:\/\/dfgs-freiburg.de\/?page_id=123"},"modified":"2024-03-12T19:54:11","modified_gmt":"2024-03-12T18:54:11","slug":"anmeldung","status":"publish","type":"page","link":"https:\/\/dfgs-freiburg.de\/?page_id=123","title":{"rendered":"Anmeldung"},"content":{"rendered":"<h4>Wie melden Sie Ihr Kind an?<\/h4>\n<h5>Aufnahmekriterien f\u00fcr die Schule<\/h5>\n<p>Die Anzahl der aufgenommenen Kinder wird durch die verf\u00fcgbaren Pl\u00e4tze bestimmt. Die Aufnahme wird schriftlich mitgeteilt.<\/p>\n<p>Um an unserer Schule aufgenommen zu werden, muss die Familie ihren Wohnsitz in Freiburg und Umgebung haben.<\/p>\n<p><strong>F\u00fcr Neuanmeldungen in die erste Klasse gilt:<\/strong><\/p>\n<p>Vorrangig aufgenommen werden Kinder, die den deutsch-franz\u00f6sischen Kindergarten in Freiburg besuchen.<br \/>\nDanach werden die noch freien Pl\u00e4tze an die Kinder vergeben, die aus einer franz\u00f6sischen \u00e9cole maternelle aus Frankreich oder der AEFE kommen.<br \/>\nKinder aus einem deutschen Kindergarten m\u00fcssen einen Aufnahmetest absolvieren, bei dem die Sprachkenntnisse in Franz\u00f6sisch getestet werden.<\/p>\n<p>Zur Anmeldung Ihres Kindes f\u00fcllen Sie das unten stehende Dokument aus und lassen es uns mit den dazugeh\u00f6rigen Unterlagen zukommen.<\/p>\n<p>&nbsp;<\/p>\n<p><a href=\"https:\/\/dfgs-freiburg.de\/wp-content\/uploads\/2024\/03\/Aufnahmeantrag.pdf\">Aufnahmeantrag<\/a><\/p>\n<p>&nbsp;<\/p>\n","protected":false},"excerpt":{"rendered":"<p>Wie melden Sie Ihr Kind an? Aufnahmekriterien f\u00fcr die Schule Die Anzahl der aufgenommenen Kinder wird durch die verf\u00fcgbaren Pl\u00e4tze bestimmt. Die Aufnahme wird schriftlich mitgeteilt. Um an unserer Schule aufgenommen zu werden, muss die Familie ihren Wohnsitz in Freiburg &hellip; <\/p>\n","protected":false},"author":1,"featured_media":0,"parent":0,"menu_order":0,"comment_status":"closed","ping_status":"closed","template":"","meta":{"jetpack_post_was_ever_published":false,"footnotes":""},"class_list":["post-123","page","type-page","status-publish","hentry"],"jetpack-related-posts":[{"id":128,"url":"https:\/\/dfgs-freiburg.de\/?page_id=128","url_meta":{"origin":123,"position":0},"title":"Kantine","author":"Daniel Le Bras-Lerouge","date":"18. avril 2018","format":false,"excerpt":"Kinder, die in der Schulkindbetreuung angemeldet sind, haben die M\u00f6glichkeit warmes Mittagessen zu bestellen. Die Bestellung und Abrechnung des warmen Mittagessens wird \u00fcber den Fachservice Schulverpflegung vom Amt f\u00fcr Schule und Bildung abgewickelt. Eltern \u00fcberweisen Essensgeld auf das Guthabenkonto ihres Kindes. Im Rahmen des verf\u00fcgbaren Guthabens kann dann das Essen\u2026","rel":"","context":"Article similaire","block_context":{"text":"Article similaire","link":""},"img":{"alt_text":"","src":"","width":0,"height":0},"classes":[]},{"id":2,"url":"https:\/\/dfgs-freiburg.de\/?page_id=2","url_meta":{"origin":123,"position":1},"title":"Unsere Schule","author":"Daniel Le Bras-Lerouge","date":"28. octobre 2017","format":false,"excerpt":"\u00a0 Die Deutsch-Franz\u00f6sische Grundschule ist Teil der deutsch-franz\u00f6sischen Schulstruktur, die in Freiburg von der \u00c9cole Maternelle bis zum Frankreich-Zentrum der Universit\u00e4t reicht. Sie wurde im September 1992 gegr\u00fcndet. Etwa 125 Kinder gehen hier zur Schule, sie kommen aus deutschen, franz\u00f6sischen, deutsch-franz\u00f6sischen oder frankophonen Familien. Die Schule ist binational: Tr\u00e4ger ist\u2026","rel":"","context":"Article similaire","block_context":{"text":"Article similaire","link":""},"img":{"alt_text":"","src":"https:\/\/i0.wp.com\/dfgs-freiburg.de\/wp-content\/uploads\/2018\/08\/sommerfest2017.jpg?fit=1200%2C675&ssl=1&resize=350%2C200","width":350,"height":200,"srcset":"https:\/\/i0.wp.com\/dfgs-freiburg.de\/wp-content\/uploads\/2018\/08\/sommerfest2017.jpg?fit=1200%2C675&ssl=1&resize=350%2C200 1x, https:\/\/i0.wp.com\/dfgs-freiburg.de\/wp-content\/uploads\/2018\/08\/sommerfest2017.jpg?fit=1200%2C675&ssl=1&resize=525%2C300 1.5x, https:\/\/i0.wp.com\/dfgs-freiburg.de\/wp-content\/uploads\/2018\/08\/sommerfest2017.jpg?fit=1200%2C675&ssl=1&resize=700%2C400 2x, https:\/\/i0.wp.com\/dfgs-freiburg.de\/wp-content\/uploads\/2018\/08\/sommerfest2017.jpg?fit=1200%2C675&ssl=1&resize=1050%2C600 3x"},"classes":[]},{"id":73,"url":"https:\/\/dfgs-freiburg.de\/?page_id=73","url_meta":{"origin":123,"position":2},"title":"Gestaltung","author":"Daniel Le Bras-Lerouge","date":"2. f\u00e9vrier 2018","format":false,"excerpt":"Unterricht Im Unterricht werden die ca. 120 Sch\u00fcler\/innen sowohl im Rahmen des franz\u00f6sischen, als auch des deutschen Bildungsplanes auf die Ziele der jeweiligen Klassenstufe hingef\u00fchrt. Jede Klasse wird von einem deutsch-franz\u00f6sischen Lehrertandem unterrichtet. Unter den Lehrkr\u00e4ften findet eine w\u00f6chentliche Besprechung statt zur genauen Koordination des Unterrichts und zur Vorbereitung zweisprachiger\u2026","rel":"","context":"Article similaire","block_context":{"text":"Article similaire","link":""},"img":{"alt_text":"","src":"https:\/\/i0.wp.com\/dfgs-freiburg.de\/wp-content\/uploads\/2018\/09\/frankreich.png?resize=350%2C200&ssl=1","width":350,"height":200},"classes":[]},{"id":102,"url":"https:\/\/dfgs-freiburg.de\/?page_id=102","url_meta":{"origin":123,"position":3},"title":"Schulkindbetreuung","author":"Daniel Le Bras-Lerouge","date":"16. mars 2018","format":false,"excerpt":"Schulkindbetreuung an der Deutsch-Franz\u00f6sischen Grundschule Seit dem Schuljahr 2020\/21 wird die Nachmittagsbetreuung an der Deutsch-Franz\u00f6sischen Grundschule nach dem Konzept der Schulkindbetreuung der Stadt Freiburg durchgef\u00fchrt. Die Schulkindbetreuung hat die Stadt Freiburg als freiwillige Aufgabe gem\u00e4\u00df \u00a72 der Gemeindeordnung eingerichtet. Tr\u00e4ger der Schulkindbetreuung an der Deutsch-Franz\u00f6sischen Grundschule ist die Evangelische Jugendhilfe\u2026","rel":"","context":"Article similaire","block_context":{"text":"Article similaire","link":""},"img":{"alt_text":"","src":"","width":0,"height":0},"classes":[]},{"id":283,"url":"https:\/\/dfgs-freiburg.de\/?page_id=283","url_meta":{"origin":123,"position":4},"title":"Organisation","author":"Daniel Le Bras-Lerouge","date":"16. ao\u00fbt 2018","format":false,"excerpt":"Der Tagesablauf an der Schule \u00a0 Was macht mein Kind Wer betreut mein Kind? 8:00 Uhr - 8:10 Uhr Fr\u00fchaufsicht Lehrer \u00a0 CP CE1 CE2 CM1 CM2 8:10Uhr - 9:40Uhr Unterricht Lehrer 9:40Uhr - 10:00Uhr Pause 10:00Uhr-11:30Uhr Unterricht 11:30Uhr - 11:50Uhr Pause 11:50Uhr - 13:20Uhr Unterricht 13:20Uhr - Schulschluss Lehrer\u2026","rel":"","context":"Article similaire","block_context":{"text":"Article similaire","link":""},"img":{"alt_text":"","src":"","width":0,"height":0},"classes":[]},{"id":98,"url":"https:\/\/dfgs-freiburg.de\/?page_id=98","url_meta":{"origin":123,"position":5},"title":"F\u00f6rderverein","author":"Daniel Le Bras-Lerouge","date":"16. mars 2018","format":false,"excerpt":"Der F\u00f6rderverein der Grundschule besteht aus Vorstandsmitgliedern des Vereins \u00e9cole 92 e.V. Der Verein unterst\u00fctzt die kulturellen Aktivit\u00e4ten an der Grundschule seit seiner Gr\u00fcndung im Jahr 1992. Details zur Geschichte des Vereins finden Sie hier. Der Verein ist insbesondere auch der Tr\u00e4ger der deutsch-franz\u00f6sischen Kita, die sich ganz in der\u2026","rel":"","context":"Article similaire","block_context":{"text":"Article similaire","link":""},"img":{"alt_text":"","src":"","width":0,"height":0},"classes":[]}],"jetpack_shortlink":"https:\/\/wp.me\/P9kppB-1Z","jetpack_sharing_enabled":true,"_links":{"self":[{"href":"https:\/\/dfgs-freiburg.de\/index.php?rest_route=\/wp\/v2\/pages\/123","targetHints":{"allow":["GET"]}}],"collection":[{"href":"https:\/\/dfgs-freiburg.de\/index.php?rest_route=\/wp\/v2\/pages"}],"about":[{"href":"https:\/\/dfgs-freiburg.de\/index.php?rest_route=\/wp\/v2\/types\/page"}],"author":[{"embeddable":true,"href":"https:\/\/dfgs-freiburg.de\/index.php?rest_route=\/wp\/v2\/users\/1"}],"replies":[{"embeddable":true,"href":"https:\/\/dfgs-freiburg.de\/index.php?rest_route=%2Fwp%2Fv2%2Fcomments&post=123"}],"version-history":[{"count":19,"href":"https:\/\/dfgs-freiburg.de\/index.php?rest_route=\/wp\/v2\/pages\/123\/revisions"}],"predecessor-version":[{"id":4419,"href":"https:\/\/dfgs-freiburg.de\/index.php?rest_route=\/wp\/v2\/pages\/123\/revisions\/4419"}],"wp:attachment":[{"href":"https:\/\/dfgs-freiburg.de\/index.php?rest_route=%2Fwp%2Fv2%2Fmedia&parent=123"}],"curies":[{"name":"wp","href":"https:\/\/api.w.org\/{rel}","templated":true}]}}